{"id":2350,"date":"2025-10-10T14:54:58","date_gmt":"2025-10-10T11:54:58","guid":{"rendered":"https:\/\/www.kassiopeia.fi\/ravintola-freja\/?page_id=2350"},"modified":"2025-11-10T09:58:53","modified_gmt":"2025-11-10T07:58:53","slug":"isanpaivabrunssi","status":"publish","type":"page","link":"https:\/\/www.kassiopeia.fi\/ravintola-freja\/isanpaivabrunssi\/","title":{"rendered":"Is\u00e4np\u00e4iv\u00e4brunssi"},"content":{"rendered":"\n<div class=\"wp-block-cover alignfull is-light cover-hero wavesx wp-duotone-unset-1\" style=\"margin-top:0px;margin-bottom:0px;padding-top:0px;padding-right:0px;padding-bottom:0px;padding-left:0px;min-height:430px;aspect-ratio:unset;\"><img loading=\"lazy\" decoding=\"async\" width=\"1920\" height=\"960\" class=\"wp-block-cover__image-background wp-image-2113 size-full\" alt=\"Is\u00e4np\u00e4iv\u00e4v\u00e4brunssi Espoossa ravintola Frejassa.\" src=\"https:\/\/www.kassiopeia.fi\/ravintola-freja\/wp-content\/uploads\/sites\/6\/2025\/10\/freja_tisanpaivabrunssi-menu-espoo-matinkyla.jpg\" style=\"object-position:6% 49%\" data-object-fit=\"cover\" data-object-position=\"6% 49%\" srcset=\"https:\/\/www.kassiopeia.fi\/ravintola-freja\/wp-content\/uploads\/sites\/6\/2025\/10\/freja_tisanpaivabrunssi-menu-espoo-matinkyla.jpg 1920w, https:\/\/www.kassiopeia.fi\/ravintola-freja\/wp-content\/uploads\/sites\/6\/2025\/10\/freja_tisanpaivabrunssi-menu-espoo-matinkyla-300x150.jpg 300w, https:\/\/www.kassiopeia.fi\/ravintola-freja\/wp-content\/uploads\/sites\/6\/2025\/10\/freja_tisanpaivabrunssi-menu-espoo-matinkyla-1024x512.jpg 1024w, https:\/\/www.kassiopeia.fi\/ravintola-freja\/wp-content\/uploads\/sites\/6\/2025\/10\/freja_tisanpaivabrunssi-menu-espoo-matinkyla-768x384.jpg 768w, https:\/\/www.kassiopeia.fi\/ravintola-freja\/wp-content\/uploads\/sites\/6\/2025\/10\/freja_tisanpaivabrunssi-menu-espoo-matinkyla-1536x768.jpg 1536w\" sizes=\"auto, (max-width: 1920px) 100vw, 1920px\" \/><span aria-hidden=\"true\" class=\"wp-block-cover__background has-black-background-color has-background-dim-0 has-background-dim\"><\/span><div class=\"wp-block-cover__inner-container is-layout-flow wp-container-core-cover-is-layout-6e17fc20 wp-block-cover-is-layout-flow\">\n<h1 class=\"wp-block-heading has-text-align-center has-general-1-color has-text-color has-link-color has-large-font-size wp-elements-0cf344c2efcb6597673067e9b117e259\" id=\"h-\"><\/h1>\n<\/div><\/div>\n\n\n\n<div class=\"breadcrumb-container\"><ul id=\"breadcrumbs\" class=\"breadcrumbs\"><li class=\"item-home\"><a class=\"bread-link bread-home\" href=\"https:\/\/www.kassiopeia.fi\/ravintola-freja\" title=\"Ravintola Freja\">Ravintola Freja<\/a><\/li><li class=\"separator separator-home\"> \/ <\/li><\/ul><\/div>\n<style>\n    \n<\/style>\n\n\n<div class=\"wp-block-group alignfull is-layout-constrained wp-container-core-group-is-layout-8d7cd119 wp-block-group-is-layout-constrained\" style=\"margin-top:var(--wp--preset--spacing--60);margin-bottom:var(--wp--preset--spacing--60);padding-top:0;padding-right:var(--wp--preset--spacing--40);padding-bottom:0;padding-left:var(--wp--preset--spacing--40)\">\n<div class=\"wp-block-group alignwide ingress is-layout-constrained wp-block-group-is-layout-constrained\">\n<h1 class=\"wp-block-heading has-text-align-center\" id=\"h-isanpaivabrunssi-2026-espoo-matinkyla\">Is\u00e4np\u00e4iv\u00e4brunssi 2026 \u2013 Espoo, Matinkyl\u00e4<\/h1>\n\n\n\n<p class=\"has-text-align-center\">Kiitos vuoden 2025 brunssik\u00e4vij\u00f6ille!<br>Palaamme is\u00e4np\u00e4iv\u00e4brunssille j\u00e4lleen 8.11.2026.<\/p>\n<\/div>\n\n\n\n<div class=\"wp-block-group alignwide ingress hidden is-layout-constrained wp-block-group-is-layout-constrained\">\n<p class=\"has-text-align-center\">Tule viett\u00e4m\u00e4\u00e4n is\u00e4np\u00e4iv\u00e4\u00e4 koko perheen kanssa maukkaiden brunssiherkkujen \u00e4\u00e4reen!<\/p>\n\n\n\n<p class=\"has-text-align-center\"><strong>IS\u00c4NP\u00c4IV\u00c4BRUNSSI<\/strong><br>Lauantaina 8.11. klo 12\u201315 &amp; <br>Sunnuntaina 9.11. klo 12\u201317<\/p>\n\n\n\n<p class=\"has-text-align-center\"><strong>BRUNSSIN HINTA<\/strong><br>45 \u20ac\/hl\u00f6<br>Lapset 4-12 v. puoleen hintaan<br>Alle 4 v. ilmaiseksi<\/p>\n\n\n\n<p class=\"has-text-align-center\">Muistathan varata p\u00f6yd\u00e4n ennakkoon.<\/p>\n\n\n\n<div class=\"wp-block-buttons mobile-center is-content-justification-center is-layout-flex wp-container-core-buttons-is-layout-4bdfd279 wp-block-buttons-is-layout-flex\" style=\"margin-top:var(--wp--preset--spacing--60);margin-bottom:var(--wp--preset--spacing--50)\">\n<div class=\"wp-block-button\"><a class=\"wp-block-button__link wp-element-button\" href=\"https:\/\/v2.tableonline.fi\/instabook\/bookings\/6zCCqeS\/selection\" style=\"padding-top:var(--wp--preset--spacing--40);padding-bottom:var(--wp--preset--spacing--40)\" target=\"_blank\" rel=\"noreferrer noopener\">VARAA P\u00d6YT\u00c4 IS\u00c4NP\u00c4IV\u00c4BRUNSSILLE<\/a><\/div>\n<\/div>\n<\/div>\n<\/div>\n\n\n\n\n\n<div class=\"wp-block-group alignfull is-layout-constrained wp-container-core-group-is-layout-6003e2ed wp-block-group-is-layout-constrained\" style=\"margin-top:var(--wp--preset--spacing--60);margin-bottom:0;padding-top:var(--wp--preset--spacing--40);padding-right:var(--wp--preset--spacing--40);padding-bottom:0;padding-left:var(--wp--preset--spacing--40)\">\n<div class=\"wp-block-columns alignwide is-layout-flex wp-container-core-columns-is-layout-fe4a19cd wp-block-columns-is-layout-flex\">\n<div class=\"wp-block-column is-layout-flow wp-block-column-is-layout-flow\" style=\"padding-bottom:3%\">\n<div class=\"wp-block-columns alignwide is-not-stacked-on-mobile is-layout-flex wp-container-core-columns-is-layout-90d9e455 wp-block-columns-is-layout-flex\">\n<div class=\"wp-block-column is-layout-flow wp-block-column-is-layout-flow\">\n<figure class=\"wp-block-image aligncenter size-full openable-image\"><img loading=\"lazy\" decoding=\"async\" width=\"800\" height=\"800\" src=\"https:\/\/www.kassiopeia.fi\/ravintola-freja\/wp-content\/uploads\/sites\/6\/2025\/07\/freja-brunssi-alkupalat-800.jpg\" alt=\"Ravintola Frejan brunssin alkupalat katettuna.\" class=\"wp-image-752\" style=\"aspect-ratio:1;object-fit:cover\" srcset=\"https:\/\/www.kassiopeia.fi\/ravintola-freja\/wp-content\/uploads\/sites\/6\/2025\/07\/freja-brunssi-alkupalat-800.jpg 800w, https:\/\/www.kassiopeia.fi\/ravintola-freja\/wp-content\/uploads\/sites\/6\/2025\/07\/freja-brunssi-alkupalat-800-300x300.jpg 300w, https:\/\/www.kassiopeia.fi\/ravintola-freja\/wp-content\/uploads\/sites\/6\/2025\/07\/freja-brunssi-alkupalat-800-150x150.jpg 150w, https:\/\/www.kassiopeia.fi\/ravintola-freja\/wp-content\/uploads\/sites\/6\/2025\/07\/freja-brunssi-alkupalat-800-768x768.jpg 768w\" sizes=\"auto, (max-width: 800px) 100vw, 800px\" \/><\/figure>\n<\/div>\n\n\n\n<div class=\"wp-block-column is-layout-flow wp-block-column-is-layout-flow\">\n<figure class=\"wp-block-image aligncenter size-full openable-image\"><img loading=\"lazy\" decoding=\"async\" width=\"800\" height=\"800\" src=\"https:\/\/www.kassiopeia.fi\/ravintola-freja\/wp-content\/uploads\/sites\/6\/2025\/07\/alkupalapoyta-brunssi-800.jpg\" alt=\"Ravintola Frejan brunssin alkupalat katettuna.\" class=\"wp-image-764\" style=\"aspect-ratio:1;object-fit:cover\" srcset=\"https:\/\/www.kassiopeia.fi\/ravintola-freja\/wp-content\/uploads\/sites\/6\/2025\/07\/alkupalapoyta-brunssi-800.jpg 800w, https:\/\/www.kassiopeia.fi\/ravintola-freja\/wp-content\/uploads\/sites\/6\/2025\/07\/alkupalapoyta-brunssi-800-300x300.jpg 300w, https:\/\/www.kassiopeia.fi\/ravintola-freja\/wp-content\/uploads\/sites\/6\/2025\/07\/alkupalapoyta-brunssi-800-150x150.jpg 150w, https:\/\/www.kassiopeia.fi\/ravintola-freja\/wp-content\/uploads\/sites\/6\/2025\/07\/alkupalapoyta-brunssi-800-768x768.jpg 768w\" sizes=\"auto, (max-width: 800px) 100vw, 800px\" \/><\/figure>\n<\/div>\n<\/div>\n<\/div>\n\n\n\n<div class=\"wp-block-column is-layout-flow wp-block-column-is-layout-flow\" style=\"padding-bottom:3%\">\n<div class=\"wp-block-columns alignwide is-not-stacked-on-mobile is-layout-flex wp-container-core-columns-is-layout-90d9e455 wp-block-columns-is-layout-flex\">\n<div class=\"wp-block-column is-layout-flow wp-block-column-is-layout-flow\">\n<figure class=\"wp-block-image aligncenter size-full openable-image\"><img loading=\"lazy\" decoding=\"async\" width=\"2000\" height=\"1356\" src=\"https:\/\/www.kassiopeia.fi\/ravintola-freja\/wp-content\/uploads\/sites\/6\/2025\/10\/tapahtumat_hero.jpg\" alt=\"Ravintola Frejan illallissali.\" class=\"wp-image-2211\" style=\"aspect-ratio:1;object-fit:cover\" srcset=\"https:\/\/www.kassiopeia.fi\/ravintola-freja\/wp-content\/uploads\/sites\/6\/2025\/10\/tapahtumat_hero.jpg 2000w, https:\/\/www.kassiopeia.fi\/ravintola-freja\/wp-content\/uploads\/sites\/6\/2025\/10\/tapahtumat_hero-300x203.jpg 300w, https:\/\/www.kassiopeia.fi\/ravintola-freja\/wp-content\/uploads\/sites\/6\/2025\/10\/tapahtumat_hero-1024x694.jpg 1024w, https:\/\/www.kassiopeia.fi\/ravintola-freja\/wp-content\/uploads\/sites\/6\/2025\/10\/tapahtumat_hero-768x521.jpg 768w, https:\/\/www.kassiopeia.fi\/ravintola-freja\/wp-content\/uploads\/sites\/6\/2025\/10\/tapahtumat_hero-1536x1041.jpg 1536w\" sizes=\"auto, (max-width: 2000px) 100vw, 2000px\" \/><\/figure>\n<\/div>\n\n\n\n<div class=\"wp-block-column is-layout-flow wp-block-column-is-layout-flow\">\n<figure class=\"wp-block-image aligncenter size-full openable-image\"><img loading=\"lazy\" decoding=\"async\" width=\"1080\" height=\"1080\" src=\"https:\/\/www.kassiopeia.fi\/ravintola-freja\/wp-content\/uploads\/sites\/6\/2025\/10\/kesabrunssi-freja-jalkiruoka.jpg\" alt=\"J\u00e4lkiruokia Ravintola Frejan brunssilla.\" class=\"wp-image-2355\" style=\"aspect-ratio:1;object-fit:cover\" srcset=\"https:\/\/www.kassiopeia.fi\/ravintola-freja\/wp-content\/uploads\/sites\/6\/2025\/10\/kesabrunssi-freja-jalkiruoka.jpg 1080w, https:\/\/www.kassiopeia.fi\/ravintola-freja\/wp-content\/uploads\/sites\/6\/2025\/10\/kesabrunssi-freja-jalkiruoka-300x300.jpg 300w, https:\/\/www.kassiopeia.fi\/ravintola-freja\/wp-content\/uploads\/sites\/6\/2025\/10\/kesabrunssi-freja-jalkiruoka-1024x1024.jpg 1024w, https:\/\/www.kassiopeia.fi\/ravintola-freja\/wp-content\/uploads\/sites\/6\/2025\/10\/kesabrunssi-freja-jalkiruoka-150x150.jpg 150w, https:\/\/www.kassiopeia.fi\/ravintola-freja\/wp-content\/uploads\/sites\/6\/2025\/10\/kesabrunssi-freja-jalkiruoka-768x768.jpg 768w\" sizes=\"auto, (max-width: 1080px) 100vw, 1080px\" \/><\/figure>\n<\/div>\n<\/div>\n<\/div>\n<\/div>\n<\/div>\n\n\n\n<div class=\"wp-block-group alignfull is-layout-constrained wp-container-core-group-is-layout-12563e28 wp-block-group-is-layout-constrained\" style=\"margin-top:var(--wp--preset--spacing--60);margin-bottom:var(--wp--preset--spacing--70);padding-top:0;padding-right:var(--wp--preset--spacing--40);padding-bottom:0;padding-left:var(--wp--preset--spacing--40)\">\n<div class=\"wp-block-group alignwide ingress is-layout-constrained wp-block-group-is-layout-constrained\">\n<div class=\"wp-block-group is-content-justification-center is-nowrap is-layout-flex wp-container-core-group-is-layout-3c8805c5 wp-block-group-is-layout-flex\">\n<figure class=\"wp-block-image size-large is-resized\"><a href=\"https:\/\/www.facebook.com\/ravintolafreja\/\" target=\"_blank\" rel=\" noreferrer noopener\"><img loading=\"lazy\" decoding=\"async\" width=\"200\" height=\"200\" src=\"https:\/\/www.kassiopeia.fi\/ravintola-freja\/wp-content\/uploads\/sites\/6\/2025\/07\/FB-Freja.svg\" alt=\"\" class=\"wp-image-195\" style=\"width:37px\"\/><\/a><\/figure>\n\n\n\n<figure class=\"wp-block-image size-large is-resized\"><a href=\"https:\/\/www.instagram.com\/ravintolafreja\/\" target=\"_blank\" rel=\" noreferrer noopener\"><img loading=\"lazy\" decoding=\"async\" width=\"200\" height=\"200\" src=\"https:\/\/www.kassiopeia.fi\/ravintola-freja\/wp-content\/uploads\/sites\/6\/2025\/07\/IG-Freja.svg\" alt=\"\" class=\"wp-image-196\" style=\"width:37px\"\/><\/a><\/figure>\n\n\n\n<figure class=\"wp-block-image size-large is-resized\"><a href=\"https:\/\/www.youtube.com\/@kassiopeiahotelsrestaurants\" target=\"_blank\" rel=\" noreferrer noopener\"><img loading=\"lazy\" decoding=\"async\" width=\"200\" height=\"200\" src=\"https:\/\/www.kassiopeia.fi\/ravintola-freja\/wp-content\/uploads\/sites\/6\/2025\/07\/YT-Freja.svg\" alt=\"\" class=\"wp-image-199\" style=\"width:37px\"\/><\/a><\/figure>\n<\/div>\n\n\n\n<p class=\"has-text-align-center\">Suomenlahdentie 7, 02230 Espoo | <a href=\"mailto:freja@kassiopeia.fi\">freja@kassiopeia.fi<\/a> | Puh. +358 44 414 8056 (ma-la)<\/p>\n<\/div>\n<\/div>\n\n\n\n<div class=\"wp-block-group alignfull is-layout-constrained wp-container-core-group-is-layout-3ea18fcc wp-block-group-is-layout-constrained\" style=\"margin-top:var(--wp--preset--spacing--60);margin-bottom:var(--wp--preset--spacing--60);padding-top:0;padding-right:var(--wp--preset--spacing--40);padding-bottom:0;padding-left:var(--wp--preset--spacing--40)\">\n<div class=\"wp-block-group alignwide is-layout-constrained wp-container-core-group-is-layout-b4832bf0 wp-block-group-is-layout-constrained\" style=\"margin-top:var(--wp--preset--spacing--60);margin-bottom:var(--wp--preset--spacing--60);padding-top:0;padding-right:0;padding-bottom:0;padding-left:0\">\n<div class=\"wp-block-create-block-lahjakortti\" style=\"background-image: url(https:\/\/www.kassiopeia.fi\/ravintola-freja\/wp-content\/uploads\/sites\/6\/2025\/07\/fre_lahjakortti_bg.jpg); background-position-x: 50%; background-position-y: 50%;\">\n\t<div class=\"lahjakortti-content\" style=\"background: #ffffffad;\">\n\t\t\n<h2 class=\"wp-block-heading has-text-align-center has-panorama-2-color has-text-color has-link-color wp-elements-aeef02f162171dbad388082bf05b70ac\" id=\"h-lahjakortti-ravintolaan\" style=\"font-style:normal;font-weight:700\">Lahjakortti ravintolaan<\/h2>\n\n<p class=\"has-text-align-center\">Anna lahjaksi maistuva el\u00e4mys. Lahjakortti on oiva lahja silloin, kun haluat antaa tavaran sijaan lahjaksi el\u00e4myksen &#8211; se yll\u00e4tt\u00e4\u00e4 ja ihastuttaa!<\/p>\n\n<div class=\"wp-block-buttons is-content-justification-center is-layout-flex wp-container-core-buttons-is-layout-a89b3969 wp-block-buttons-is-layout-flex\">\n<div class=\"wp-block-button\"><a class=\"wp-block-button__link wp-element-button\" href=\"https:\/\/shop.kassiopeia.fi\/shop\/lang\/fi\" target=\"_blank\" rel=\"noreferrer noopener\">OSTA LAHJAKORTTI<\/a><\/div>\n<\/div>\n\t<\/div>\n\t<img decoding=\"async\" class=\"image-l\" src=\"https:\/\/www.kassiopeia.fi\/ravintola-freja\/wp-content\/uploads\/sites\/6\/2025\/07\/lahjakortti_rusetti_alaosa.png\">\n\t<img decoding=\"async\" class=\"image-r\" src=\"https:\/\/www.kassiopeia.fi\/ravintola-freja\/wp-content\/uploads\/sites\/6\/2025\/07\/lahjakortti_rusetti_ylaosa.png\">\n<\/div><\/div>\n<\/div>\n","protected":false},"excerpt":{"rendered":"<p>Is\u00e4np\u00e4iv\u00e4brunssi 2026 \u2013 Espoo, Matinkyl\u00e4 Kiitos vuoden 2025 brunssik\u00e4vij\u00f6ille!Palaamme is\u00e4np\u00e4iv\u00e4brunssille j\u00e4lleen 8.11.2026. Tule viett\u00e4m\u00e4\u00e4n is\u00e4np\u00e4iv\u00e4\u00e4 koko perheen kanssa maukkaiden brunssiherkkujen \u00e4\u00e4reen! IS\u00c4NP\u00c4IV\u00c4BRUNSSILauantaina 8.11. klo 12\u201315 &amp; Sunnuntaina 9.11. klo 12\u201317 BRUNSSIN HINTA45 \u20ac\/hl\u00f6Lapset 4-12 v. puoleen hintaanAlle 4 v. ilmaiseksi Muistathan varata p\u00f6yd\u00e4n ennakkoon.<\/p>\n","protected":false},"author":7,"featured_media":0,"parent":0,"menu_order":0,"comment_status":"closed","ping_status":"closed","template":"","meta":{"_acf_changed":false,"footnotes":""},"class_list":["post-2350","page","type-page","status-publish","hentry"],"acf":[],"yoast_head":"<!-- This site is optimized with the Yoast SEO Premium plugin v27.2 (Yoast SEO v27.2) - https:\/\/yoast.com\/product\/yoast-seo-premium-wordpress\/ -->\n<title>Is\u00e4np\u00e4iv\u00e4brunssi 2026 | Ravintola Freja, Espoo<\/title>\n<meta name=\"description\" content=\"Tule viett\u00e4m\u00e4\u00e4n is\u00e4np\u00e4iv\u00e4\u00e4 koko perheen kanssa maukkaiden brunssiherkkujen \u00e4\u00e4reen. Varaa p\u00f6yt\u00e4 is\u00e4np\u00e4iv\u00e4brunssille!\" \/>\n<meta name=\"robots\" content=\"index, follow, max-snippet:-1, max-image-preview:large, max-video-preview:-1\" \/>\n<link rel=\"canonical\" href=\"https:\/\/www.kassiopeia.fi\/ravintola-freja\/isanpaivabrunssi\/\" \/>\n<meta property=\"og:locale\" content=\"en_US\" \/>\n<meta property=\"og:type\" content=\"article\" \/>\n<meta property=\"og:title\" content=\"Is\u00e4np\u00e4iv\u00e4brunssi\" \/>\n<meta property=\"og:description\" content=\"Tule viett\u00e4m\u00e4\u00e4n is\u00e4np\u00e4iv\u00e4\u00e4 koko perheen kanssa maukkaiden brunssiherkkujen \u00e4\u00e4reen. Varaa p\u00f6yt\u00e4 is\u00e4np\u00e4iv\u00e4brunssille!\" \/>\n<meta property=\"og:url\" content=\"https:\/\/www.kassiopeia.fi\/ravintola-freja\/isanpaivabrunssi\/\" \/>\n<meta property=\"og:site_name\" content=\"Ravintola Freja\" \/>\n<meta property=\"article:modified_time\" content=\"2025-11-10T07:58:53+00:00\" \/>\n<meta property=\"og:image\" content=\"https:\/\/www.kassiopeia.fi\/ravintola-freja\/wp-content\/uploads\/sites\/6\/2025\/10\/freja_tisanpaivabrunssi-menu-espoo-matinkyla.jpg\" \/>\n<meta name=\"twitter:card\" content=\"summary_large_image\" \/>\n<meta name=\"twitter:label1\" content=\"Est. reading time\" \/>\n\t<meta name=\"twitter:data1\" content=\"5 minutes\" \/>\n<script type=\"application\/ld+json\" class=\"yoast-schema-graph\">{\"@context\":\"https:\/\/schema.org\",\"@graph\":[{\"@type\":\"WebPage\",\"@id\":\"https:\/\/www.kassiopeia.fi\/ravintola-freja\/isanpaivabrunssi\/\",\"url\":\"https:\/\/www.kassiopeia.fi\/ravintola-freja\/isanpaivabrunssi\/\",\"name\":\"Is\u00e4np\u00e4iv\u00e4brunssi 2026 | Ravintola Freja, Espoo\",\"isPartOf\":{\"@id\":\"https:\/\/www.kassiopeia.fi\/ravintola-freja\/#website\"},\"primaryImageOfPage\":{\"@id\":\"https:\/\/www.kassiopeia.fi\/ravintola-freja\/isanpaivabrunssi\/#primaryimage\"},\"image\":{\"@id\":\"https:\/\/www.kassiopeia.fi\/ravintola-freja\/isanpaivabrunssi\/#primaryimage\"},\"thumbnailUrl\":\"https:\/\/www.kassiopeia.fi\/ravintola-freja\/wp-content\/uploads\/sites\/6\/2025\/10\/freja_tisanpaivabrunssi-menu-espoo-matinkyla.jpg\",\"datePublished\":\"2025-10-10T11:54:58+00:00\",\"dateModified\":\"2025-11-10T07:58:53+00:00\",\"description\":\"Tule viett\u00e4m\u00e4\u00e4n is\u00e4np\u00e4iv\u00e4\u00e4 koko perheen kanssa maukkaiden brunssiherkkujen \u00e4\u00e4reen. Varaa p\u00f6yt\u00e4 is\u00e4np\u00e4iv\u00e4brunssille!\",\"breadcrumb\":{\"@id\":\"https:\/\/www.kassiopeia.fi\/ravintola-freja\/isanpaivabrunssi\/#breadcrumb\"},\"inLanguage\":\"en-US\",\"potentialAction\":[{\"@type\":\"ReadAction\",\"target\":[\"https:\/\/www.kassiopeia.fi\/ravintola-freja\/isanpaivabrunssi\/\"]}]},{\"@type\":\"ImageObject\",\"inLanguage\":\"en-US\",\"@id\":\"https:\/\/www.kassiopeia.fi\/ravintola-freja\/isanpaivabrunssi\/#primaryimage\",\"url\":\"https:\/\/www.kassiopeia.fi\/ravintola-freja\/wp-content\/uploads\/sites\/6\/2025\/10\/freja_tisanpaivabrunssi-menu-espoo-matinkyla.jpg\",\"contentUrl\":\"https:\/\/www.kassiopeia.fi\/ravintola-freja\/wp-content\/uploads\/sites\/6\/2025\/10\/freja_tisanpaivabrunssi-menu-espoo-matinkyla.jpg\",\"width\":1920,\"height\":960,\"caption\":\"Is\u00e4np\u00e4iv\u00e4v\u00e4brunssi Espoossa ravintola Frejassa.\"},{\"@type\":\"BreadcrumbList\",\"@id\":\"https:\/\/www.kassiopeia.fi\/ravintola-freja\/isanpaivabrunssi\/#breadcrumb\",\"itemListElement\":[{\"@type\":\"ListItem\",\"position\":1,\"name\":\"Home\",\"item\":\"https:\/\/www.kassiopeia.fi\/ravintola-freja\/\"},{\"@type\":\"ListItem\",\"position\":2,\"name\":\"Is\u00e4np\u00e4iv\u00e4brunssi\"}]},{\"@type\":\"WebSite\",\"@id\":\"https:\/\/www.kassiopeia.fi\/ravintola-freja\/#website\",\"url\":\"https:\/\/www.kassiopeia.fi\/ravintola-freja\/\",\"name\":\"Ravintola Freja\",\"description\":\"\",\"potentialAction\":[{\"@type\":\"SearchAction\",\"target\":{\"@type\":\"EntryPoint\",\"urlTemplate\":\"https:\/\/www.kassiopeia.fi\/ravintola-freja\/?s={search_term_string}\"},\"query-input\":{\"@type\":\"PropertyValueSpecification\",\"valueRequired\":true,\"valueName\":\"search_term_string\"}}],\"inLanguage\":\"en-US\"}]}<\/script>\n<!-- \/ Yoast SEO Premium plugin. -->","yoast_head_json":{"title":"Is\u00e4np\u00e4iv\u00e4brunssi 2026 | Ravintola Freja, Espoo","description":"Tule viett\u00e4m\u00e4\u00e4n is\u00e4np\u00e4iv\u00e4\u00e4 koko perheen kanssa maukkaiden brunssiherkkujen \u00e4\u00e4reen. Varaa p\u00f6yt\u00e4 is\u00e4np\u00e4iv\u00e4brunssille!","robots":{"index":"index","follow":"follow","max-snippet":"max-snippet:-1","max-image-preview":"max-image-preview:large","max-video-preview":"max-video-preview:-1"},"canonical":"https:\/\/www.kassiopeia.fi\/ravintola-freja\/isanpaivabrunssi\/","og_locale":"en_US","og_type":"article","og_title":"Is\u00e4np\u00e4iv\u00e4brunssi","og_description":"Tule viett\u00e4m\u00e4\u00e4n is\u00e4np\u00e4iv\u00e4\u00e4 koko perheen kanssa maukkaiden brunssiherkkujen \u00e4\u00e4reen. Varaa p\u00f6yt\u00e4 is\u00e4np\u00e4iv\u00e4brunssille!","og_url":"https:\/\/www.kassiopeia.fi\/ravintola-freja\/isanpaivabrunssi\/","og_site_name":"Ravintola Freja","article_modified_time":"2025-11-10T07:58:53+00:00","og_image":[{"url":"https:\/\/www.kassiopeia.fi\/ravintola-freja\/wp-content\/uploads\/sites\/6\/2025\/10\/freja_tisanpaivabrunssi-menu-espoo-matinkyla.jpg","type":"","width":"","height":""}],"twitter_card":"summary_large_image","twitter_misc":{"Est. reading time":"5 minutes"},"schema":{"@context":"https:\/\/schema.org","@graph":[{"@type":"WebPage","@id":"https:\/\/www.kassiopeia.fi\/ravintola-freja\/isanpaivabrunssi\/","url":"https:\/\/www.kassiopeia.fi\/ravintola-freja\/isanpaivabrunssi\/","name":"Is\u00e4np\u00e4iv\u00e4brunssi 2026 | Ravintola Freja, Espoo","isPartOf":{"@id":"https:\/\/www.kassiopeia.fi\/ravintola-freja\/#website"},"primaryImageOfPage":{"@id":"https:\/\/www.kassiopeia.fi\/ravintola-freja\/isanpaivabrunssi\/#primaryimage"},"image":{"@id":"https:\/\/www.kassiopeia.fi\/ravintola-freja\/isanpaivabrunssi\/#primaryimage"},"thumbnailUrl":"https:\/\/www.kassiopeia.fi\/ravintola-freja\/wp-content\/uploads\/sites\/6\/2025\/10\/freja_tisanpaivabrunssi-menu-espoo-matinkyla.jpg","datePublished":"2025-10-10T11:54:58+00:00","dateModified":"2025-11-10T07:58:53+00:00","description":"Tule viett\u00e4m\u00e4\u00e4n is\u00e4np\u00e4iv\u00e4\u00e4 koko perheen kanssa maukkaiden brunssiherkkujen \u00e4\u00e4reen. Varaa p\u00f6yt\u00e4 is\u00e4np\u00e4iv\u00e4brunssille!","breadcrumb":{"@id":"https:\/\/www.kassiopeia.fi\/ravintola-freja\/isanpaivabrunssi\/#breadcrumb"},"inLanguage":"en-US","potentialAction":[{"@type":"ReadAction","target":["https:\/\/www.kassiopeia.fi\/ravintola-freja\/isanpaivabrunssi\/"]}]},{"@type":"ImageObject","inLanguage":"en-US","@id":"https:\/\/www.kassiopeia.fi\/ravintola-freja\/isanpaivabrunssi\/#primaryimage","url":"https:\/\/www.kassiopeia.fi\/ravintola-freja\/wp-content\/uploads\/sites\/6\/2025\/10\/freja_tisanpaivabrunssi-menu-espoo-matinkyla.jpg","contentUrl":"https:\/\/www.kassiopeia.fi\/ravintola-freja\/wp-content\/uploads\/sites\/6\/2025\/10\/freja_tisanpaivabrunssi-menu-espoo-matinkyla.jpg","width":1920,"height":960,"caption":"Is\u00e4np\u00e4iv\u00e4v\u00e4brunssi Espoossa ravintola Frejassa."},{"@type":"BreadcrumbList","@id":"https:\/\/www.kassiopeia.fi\/ravintola-freja\/isanpaivabrunssi\/#breadcrumb","itemListElement":[{"@type":"ListItem","position":1,"name":"Home","item":"https:\/\/www.kassiopeia.fi\/ravintola-freja\/"},{"@type":"ListItem","position":2,"name":"Is\u00e4np\u00e4iv\u00e4brunssi"}]},{"@type":"WebSite","@id":"https:\/\/www.kassiopeia.fi\/ravintola-freja\/#website","url":"https:\/\/www.kassiopeia.fi\/ravintola-freja\/","name":"Ravintola Freja","description":"","potentialAction":[{"@type":"SearchAction","target":{"@type":"EntryPoint","urlTemplate":"https:\/\/www.kassiopeia.fi\/ravintola-freja\/?s={search_term_string}"},"query-input":{"@type":"PropertyValueSpecification","valueRequired":true,"valueName":"search_term_string"}}],"inLanguage":"en-US"}]}},"lang":"fi","translations":{"fi":2350},"pll_sync_post":[],"_links":{"self":[{"href":"https:\/\/www.kassiopeia.fi\/ravintola-freja\/wp-json\/wp\/v2\/pages\/2350","targetHints":{"allow":["GET"]}}],"collection":[{"href":"https:\/\/www.kassiopeia.fi\/ravintola-freja\/wp-json\/wp\/v2\/pages"}],"about":[{"href":"https:\/\/www.kassiopeia.fi\/ravintola-freja\/wp-json\/wp\/v2\/types\/page"}],"author":[{"embeddable":true,"href":"https:\/\/www.kassiopeia.fi\/ravintola-freja\/wp-json\/wp\/v2\/users\/7"}],"replies":[{"embeddable":true,"href":"https:\/\/www.kassiopeia.fi\/ravintola-freja\/wp-json\/wp\/v2\/comments?post=2350"}],"version-history":[{"count":12,"href":"https:\/\/www.kassiopeia.fi\/ravintola-freja\/wp-json\/wp\/v2\/pages\/2350\/revisions"}],"predecessor-version":[{"id":2599,"href":"https:\/\/www.kassiopeia.fi\/ravintola-freja\/wp-json\/wp\/v2\/pages\/2350\/revisions\/2599"}],"wp:attachment":[{"href":"https:\/\/www.kassiopeia.fi\/ravintola-freja\/wp-json\/wp\/v2\/media?parent=2350"}],"curies":[{"name":"wp","href":"https:\/\/api.w.org\/{rel}","templated":true}]}}