{"id":996,"date":"2025-07-16T13:56:14","date_gmt":"2025-07-16T10:56:14","guid":{"rendered":"https:\/\/www.kassiopeia.fi\/levi-summit\/?page_id=996"},"modified":"2025-12-01T15:51:27","modified_gmt":"2025-12-01T13:51:27","slug":"sustainability","status":"publish","type":"page","link":"https:\/\/www.kassiopeia.fi\/levi-summit\/en\/sustainability\/","title":{"rendered":"Sustainability"},"content":{"rendered":"\n<div class=\"wp-block-cover alignfull is-light has-parallax cover-hero wp-duotone-unset-1\" style=\"margin-top:0px;margin-bottom:0px;padding-top:0px;padding-right:0px;padding-bottom:0px;padding-left:0px;min-height:100vh;aspect-ratio:unset;\"><div role=\"img\" aria-label=\"&quot;&quot;\" class=\"wp-block-cover__image-background wp-image-2031 size-full has-parallax\" style=\"background-position:50% 50%;background-image:url(https:\/\/www.kassiopeia.fi\/levi-summit\/wp-content\/uploads\/sites\/5\/2025\/09\/kahvila-levi-spiella-cafe.jpg)\"><\/div><span aria-hidden=\"true\" class=\"wp-block-cover__background has-levi-summit-4-background-color has-background-dim-0 has-background-dim\"><\/span><div class=\"wp-block-cover__inner-container is-layout-flow wp-container-core-cover-is-layout-6e17fc20 wp-block-cover-is-layout-flow\">\n<div class=\"wp-block-group is-layout-constrained wp-container-core-group-is-layout-00f579c5 wp-block-group-is-layout-constrained\">\n<h1 class=\"wp-block-heading has-text-align-center has-general-1-color has-text-color has-link-color has-large-font-size wp-elements-0cf344c2efcb6597673067e9b117e259\" id=\"h-\"><\/h1>\n<\/div>\n<\/div><\/div>\n\n\n\n<div class=\"wp-block-group alignfull is-layout-constrained wp-container-core-group-is-layout-12843e03 wp-block-group-is-layout-constrained\" style=\"margin-top:0;margin-bottom:0;padding-top:var(--wp--preset--spacing--60);padding-right:var(--wp--preset--spacing--40);padding-bottom:var(--wp--preset--spacing--50);padding-left:var(--wp--preset--spacing--40)\">\n<div class=\"wp-block-columns are-vertically-aligned-center is-layout-flex wp-container-core-columns-is-layout-28f84493 wp-block-columns-is-layout-flex\">\n<div class=\"wp-block-column is-vertically-aligned-center is-layout-flow wp-block-column-is-layout-flow\" style=\"flex-basis:55%\">\n<h1 class=\"wp-block-heading\" id=\"h-sustainability\">Sustainability<\/h1>\n\n\n\n<p>Levi Summit Congress Centre has been awarded both the Nordic Swan Ecolabel and the Sustainable Travel Finland (STF) label in recognition of its commitment to sustainability. The Nordic Swan Ecolabel is granted by Ecolabelling Finland, and the STF label is awarded by Visit Finland.<\/p>\n\n\n\n<p>Levi Summit Congress Centre is part of the Finnish company Kassiopeia Hotels &amp; Restaurants. <a href=\"https:\/\/www.kassiopeia.fi\/en\/sustainability\/\">Learn more about our sustainability efforts on the Kassiopeia Hotels &amp; Restaurants website.<\/a><\/p>\n\n\n\n<div class=\"wp-block-buttons is-content-justification-left is-layout-flex wp-container-core-buttons-is-layout-fc4fd283 wp-block-buttons-is-layout-flex\">\n<div class=\"wp-block-button\"><a class=\"wp-block-button__link has-text-align-left wp-element-button\" href=\"https:\/\/www.kassiopeia.fi\/levi-summit\/en\/offer-request\/\">Offer request<\/a><\/div>\n<\/div>\n<\/div>\n\n\n\n<div class=\"wp-block-column is-vertically-aligned-center is-layout-flow wp-block-column-is-layout-flow\" style=\"flex-basis:45%\">\n<figure class=\"wp-block-image size-full\"><img loading=\"lazy\" decoding=\"async\" width=\"592\" height=\"614\" src=\"https:\/\/www.kassiopeia.fi\/levi-summit\/wp-content\/uploads\/sites\/5\/2025\/05\/joutsenmerkki-stf.png\" alt=\"&quot;&quot;\" class=\"wp-image-440\" srcset=\"https:\/\/www.kassiopeia.fi\/levi-summit\/wp-content\/uploads\/sites\/5\/2025\/05\/joutsenmerkki-stf.png 592w, https:\/\/www.kassiopeia.fi\/levi-summit\/wp-content\/uploads\/sites\/5\/2025\/05\/joutsenmerkki-stf-289x300.png 289w\" sizes=\"auto, (max-width: 592px) 100vw, 592px\" \/><\/figure>\n<\/div>\n<\/div>\n<\/div>\n\n\n\n<div class=\"wp-block-group alignfull is-layout-constrained wp-container-core-group-is-layout-12843e03 wp-block-group-is-layout-constrained\" id=\"nordic-swan-ecolabel\" style=\"margin-top:0;margin-bottom:0;padding-top:var(--wp--preset--spacing--60);padding-right:var(--wp--preset--spacing--40);padding-bottom:var(--wp--preset--spacing--50);padding-left:var(--wp--preset--spacing--40)\">\n<div class=\"wp-block-columns are-vertically-aligned-center is-layout-flex wp-container-core-columns-is-layout-28f84493 wp-block-columns-is-layout-flex\">\n<div class=\"wp-block-column is-vertically-aligned-center is-layout-flow wp-block-column-is-layout-flow\" style=\"flex-basis:45%\">\n<h2 class=\"wp-block-heading has-text-align-left\">Proud to be a Nordic Swan Ecolabel certified congress centre<\/h2>\n\n\n\n<h3 class=\"wp-block-heading\"><strong>We respect the environment in everything we do at Levi Summit<\/strong><\/h3>\n\n\n\n<ul class=\"wp-block-list\">\n<li>Our staff are trained in environmental practices<\/li>\n\n\n\n<li>Waste is carefully sorted and actively reduced<\/li>\n\n\n\n<li>We serve vegetarian and organic food options<\/li>\n\n\n\n<li>Single-use tableware is not allowed<\/li>\n\n\n\n<li>We prioritise ecolabelled products and services in our procurement<\/li>\n\n\n\n<li>The congress centre operates with low energy and water consumption<\/li>\n<\/ul>\n<\/div>\n\n\n\n<div class=\"wp-block-column is-vertically-aligned-center is-layout-flow wp-block-column-is-layout-flow\" style=\"flex-basis:55%\">\n<figure class=\"wp-block-image size-full\"><img loading=\"lazy\" decoding=\"async\" width=\"1024\" height=\"683\" src=\"https:\/\/www.kassiopeia.fi\/levi-summit\/wp-content\/uploads\/sites\/5\/2025\/02\/levisummit-kokoukset-ja-juhlat.jpg\" alt=\"Levi Summitin tarjoilija tuo virvokkeita palaverissa oleville henkil\u00f6ille.\" class=\"wp-image-13\" srcset=\"https:\/\/www.kassiopeia.fi\/levi-summit\/wp-content\/uploads\/sites\/5\/2025\/02\/levisummit-kokoukset-ja-juhlat.jpg 1024w, https:\/\/www.kassiopeia.fi\/levi-summit\/wp-content\/uploads\/sites\/5\/2025\/02\/levisummit-kokoukset-ja-juhlat-300x200.jpg 300w, https:\/\/www.kassiopeia.fi\/levi-summit\/wp-content\/uploads\/sites\/5\/2025\/02\/levisummit-kokoukset-ja-juhlat-768x512.jpg 768w\" sizes=\"auto, (max-width: 1024px) 100vw, 1024px\" \/><\/figure>\n<\/div>\n<\/div>\n<\/div>\n\n\n\n<div class=\"wp-block-group alignfull is-layout-constrained wp-container-core-group-is-layout-12843e03 wp-block-group-is-layout-constrained\" id=\"tips-for-a-sustainable-event-visit\" style=\"margin-top:0;margin-bottom:0;padding-top:var(--wp--preset--spacing--60);padding-right:var(--wp--preset--spacing--40);padding-bottom:var(--wp--preset--spacing--50);padding-left:var(--wp--preset--spacing--40)\">\n<div class=\"wp-block-columns are-vertically-aligned-top is-layout-flex wp-container-core-columns-is-layout-28f84493 wp-block-columns-is-layout-flex\">\n<div class=\"wp-block-column is-vertically-aligned-top is-layout-flow wp-block-column-is-layout-flow\" style=\"flex-basis:45%\">\n<h2 class=\"wp-block-heading has-text-align-left\" id=\"h-our-tips-for-a-sustainable-event-visit\">Our tips for a sustainable event visit<\/h2>\n\n\n\n<h3 class=\"wp-block-heading\" id=\"h-be-aware\">Be Aware<\/h3>\n\n\n\n<p>This congress centre is Nordic Swan Ecolabel certified. That means energy use is reduced, food is more sustainable, and cleaning is done using eco-labelled products. You can support these efforts by being mindful of your environmental impact during your visit.<\/p>\n\n\n\n<h3 class=\"wp-block-heading\" id=\"h-give-us-your-feedback\">Give Us Your Feedback<\/h3>\n\n\n\n<p>Tell us how your event experience went and share any suggestions for how we can improve our sustainability efforts.<\/p>\n\n\n\n<h3 class=\"wp-block-heading\" id=\"h-food\">Food<\/h3>\n\n\n\n<p>We serve more sustainable food options, including organic and plant-based dishes. To help reduce food waste, please take only what you can finish.<\/p>\n\n\n\n<h3 class=\"wp-block-heading\" id=\"h-recycling\">Recycling<\/h3>\n\n\n\n<p>You may have noticed the recycling stations around the venue. Please sort your waste correctly and avoid unnecessary consumption whenever possible.<\/p>\n\n\n\n<h3 class=\"wp-block-heading\" id=\"h-accommodation\">Accommodation<\/h3>\n\n\n\n<p>When booking accommodation for your event visit, choose hotels with environmental certifications. Kassiopeia\u2019s Hotel Levi Panorama and Hotel K5 Levi are both certified with the Nordic Swan Ecolabel, ensuring a holistic approach to sustainability.<\/p>\n<\/div>\n\n\n\n<div class=\"wp-block-column is-vertically-aligned-top is-layout-flow wp-block-column-is-layout-flow\" style=\"flex-basis:55%\">\n<figure class=\"wp-block-image size-full\"><img loading=\"lazy\" decoding=\"async\" width=\"1331\" height=\"2000\" src=\"https:\/\/www.kassiopeia.fi\/levi-summit\/wp-content\/uploads\/sites\/5\/2025\/12\/spiella-ruoka-annos_2.jpg\" alt=\"&quot;&quot;\" class=\"wp-image-2865\" srcset=\"https:\/\/www.kassiopeia.fi\/levi-summit\/wp-content\/uploads\/sites\/5\/2025\/12\/spiella-ruoka-annos_2.jpg 1331w, https:\/\/www.kassiopeia.fi\/levi-summit\/wp-content\/uploads\/sites\/5\/2025\/12\/spiella-ruoka-annos_2-200x300.jpg 200w, https:\/\/www.kassiopeia.fi\/levi-summit\/wp-content\/uploads\/sites\/5\/2025\/12\/spiella-ruoka-annos_2-681x1024.jpg 681w, https:\/\/www.kassiopeia.fi\/levi-summit\/wp-content\/uploads\/sites\/5\/2025\/12\/spiella-ruoka-annos_2-768x1154.jpg 768w, https:\/\/www.kassiopeia.fi\/levi-summit\/wp-content\/uploads\/sites\/5\/2025\/12\/spiella-ruoka-annos_2-1022x1536.jpg 1022w\" sizes=\"auto, (max-width: 1331px) 100vw, 1331px\" \/><\/figure>\n<\/div>\n<\/div>\n<\/div>\n\n\n\n<div class=\"wp-block-group alignfull is-layout-constrained wp-container-core-group-is-layout-12843e03 wp-block-group-is-layout-constrained\" id=\"tips-for-sustainable-meeting-organisers\" style=\"margin-top:0;margin-bottom:0;padding-top:var(--wp--preset--spacing--60);padding-right:var(--wp--preset--spacing--40);padding-bottom:var(--wp--preset--spacing--50);padding-left:var(--wp--preset--spacing--40)\">\n<div class=\"wp-block-columns are-vertically-aligned-top is-layout-flex wp-container-core-columns-is-layout-28f84493 wp-block-columns-is-layout-flex\">\n<div class=\"wp-block-column is-vertically-aligned-top is-layout-flow wp-block-column-is-layout-flow\" style=\"flex-basis:45%\">\n<h2 class=\"wp-block-heading\">Our<strong> tips for sustainable meeting organisers<\/strong><\/h2>\n\n\n\n<h3 class=\"wp-block-heading\" id=\"h-consumption\">Consumption<\/h3>\n\n\n\n<p>Be mindful of unnecessary consumption. For example, reduce paper use whenever possible.<\/p>\n\n\n\n<h3 class=\"wp-block-heading\" id=\"h-catering\">Catering<\/h3>\n\n\n\n<p>Choose sustainable food options and prioritise plant-based meals. Please inform the catering service of the exact number of participants to help prevent food waste.<\/p>\n\n\n\n<h3 class=\"wp-block-heading\" id=\"h-accommodation-0\">Accommodation<\/h3>\n\n\n\n<p>If you&#8217;re arranging accommodation for participants, choose hotels with environmental certifications. The Nordic Swan Ecolabel guarantees a comprehensive approach to sustainability. Kassiopeia\u2019s hotels in Levi, Hotel Levi Panorama and Hotel K5 Levi, are both certified with the Nordic Swan Ecolabel.<\/p>\n\n\n\n<h3 class=\"wp-block-heading\" id=\"h-printed-materials\">Printed Materials<\/h3>\n\n\n\n<p>If you need printed materials for your event, choose ecolabelled print products to minimize environmental impact.<\/p>\n\n\n\n<h3 class=\"wp-block-heading\" id=\"h-transportation\">Transportation<\/h3>\n\n\n\n<p>Encourage participants in advance to use public transportation or carpool when arriving at the event.<\/p>\n\n\n\n<h3 class=\"wp-block-heading\" id=\"h-communication\">Communication<\/h3>\n\n\n\n<p>The congress centre you are using is Nordic Swan Ecolabel certified, meaning sustainability is integrated into all operations. Inform your event staff and participants about the ecolabel and keep environmental responsibility in mind throughout the planning process.<\/p>\n\n\n\n<div style=\"height:40px\" aria-hidden=\"true\" class=\"wp-block-spacer\"><\/div>\n\n\n\n<p><em>These sustainability tips for event visitors and organizers were created in collaboration with <a href=\"http:\/\/www.joutsenmerkki.fi\">the Nordic Swan Ecolabel.<\/a><\/em><\/p>\n<\/div>\n\n\n\n<div class=\"wp-block-column is-vertically-aligned-top is-layout-flow wp-block-column-is-layout-flow\" style=\"flex-basis:55%\">\n<figure class=\"wp-block-image size-full\"><img loading=\"lazy\" decoding=\"async\" width=\"1280\" height=\"1871\" src=\"https:\/\/www.kassiopeia.fi\/levi-summit\/wp-content\/uploads\/sites\/5\/2025\/03\/vastuullinen-kokous-levi-summitissa.jpg\" alt=\"Henkil\u00f6it\u00e4 upeiden tunturimaisemien \u00e4\u00e4rell\u00e4 maisemakokoustilassa Levi Summitissa.\" class=\"wp-image-209\" srcset=\"https:\/\/www.kassiopeia.fi\/levi-summit\/wp-content\/uploads\/sites\/5\/2025\/03\/vastuullinen-kokous-levi-summitissa.jpg 1280w, https:\/\/www.kassiopeia.fi\/levi-summit\/wp-content\/uploads\/sites\/5\/2025\/03\/vastuullinen-kokous-levi-summitissa-205x300.jpg 205w, https:\/\/www.kassiopeia.fi\/levi-summit\/wp-content\/uploads\/sites\/5\/2025\/03\/vastuullinen-kokous-levi-summitissa-701x1024.jpg 701w, https:\/\/www.kassiopeia.fi\/levi-summit\/wp-content\/uploads\/sites\/5\/2025\/03\/vastuullinen-kokous-levi-summitissa-768x1123.jpg 768w, https:\/\/www.kassiopeia.fi\/levi-summit\/wp-content\/uploads\/sites\/5\/2025\/03\/vastuullinen-kokous-levi-summitissa-1051x1536.jpg 1051w\" sizes=\"auto, (max-width: 1280px) 100vw, 1280px\" \/><\/figure>\n<\/div>\n<\/div>\n<\/div>\n","protected":false},"excerpt":{"rendered":"<p>Sustainability Levi Summit Congress Centre has been awarded both the Nordic Swan Ecolabel and the Sustainable Travel Finland (STF) label in recognition of its commitment to sustainability. The Nordic Swan Ecolabel is granted by Ecolabelling Finland, and the STF label is awarded by Visit Finland. Levi Summit Congress Centre is part of the Finnish company [&hellip;]<\/p>\n","protected":false},"author":4,"featured_media":0,"parent":0,"menu_order":0,"comment_status":"closed","ping_status":"closed","template":"","meta":{"_acf_changed":false,"footnotes":""},"class_list":["post-996","page","type-page","status-publish","hentry"],"acf":[],"yoast_head":"<!-- This site is optimized with the Yoast SEO Premium plugin v27.2 (Yoast SEO v27.2) - https:\/\/yoast.com\/product\/yoast-seo-premium-wordpress\/ -->\n<title>Sustainability - Levi Summit<\/title>\n<meta name=\"description\" content=\"Levi Summit has received the Nordic Swan Ecolabel in recognition of our commitment to environmental responsibility. Learn more!\" \/>\n<meta name=\"robots\" content=\"index, follow, max-snippet:-1, max-image-preview:large, max-video-preview:-1\" \/>\n<link rel=\"canonical\" href=\"https:\/\/www.kassiopeia.fi\/levi-summit\/en\/sustainability\/\" \/>\n<meta property=\"og:locale\" content=\"fi_FI\" \/>\n<meta property=\"og:type\" content=\"article\" \/>\n<meta property=\"og:title\" content=\"Sustainability\" \/>\n<meta property=\"og:description\" content=\"Levi Summit has received the Nordic Swan Ecolabel in recognition of our commitment to environmental responsibility. Learn more!\" \/>\n<meta property=\"og:url\" content=\"https:\/\/www.kassiopeia.fi\/levi-summit\/en\/sustainability\/\" \/>\n<meta property=\"og:site_name\" content=\"Levi Summit\" \/>\n<meta property=\"article:publisher\" content=\"https:\/\/www.facebook.com\/LeviSummitEventCenter\/\" \/>\n<meta property=\"article:modified_time\" content=\"2025-12-01T13:51:27+00:00\" \/>\n<meta property=\"og:image\" content=\"https:\/\/www.kassiopeia.fi\/levi-summit\/wp-content\/uploads\/sites\/5\/2025\/05\/joutsenmerkki-stf.png\" \/>\n\t<meta property=\"og:image:width\" content=\"592\" \/>\n\t<meta property=\"og:image:height\" content=\"614\" \/>\n\t<meta property=\"og:image:type\" content=\"image\/png\" \/>\n<meta name=\"twitter:card\" content=\"summary_large_image\" \/>\n<meta name=\"twitter:label1\" content=\"Arvioitu lukuaika\" \/>\n\t<meta name=\"twitter:data1\" content=\"4 minuuttia\" \/>\n<script type=\"application\/ld+json\" class=\"yoast-schema-graph\">{\"@context\":\"https:\/\/schema.org\",\"@graph\":[{\"@type\":\"WebPage\",\"@id\":\"https:\/\/www.kassiopeia.fi\/levi-summit\/en\/sustainability\/\",\"url\":\"https:\/\/www.kassiopeia.fi\/levi-summit\/en\/sustainability\/\",\"name\":\"Sustainability - Levi Summit\",\"isPartOf\":{\"@id\":\"https:\/\/www.kassiopeia.fi\/levi-summit\/#website\"},\"primaryImageOfPage\":{\"@id\":\"https:\/\/www.kassiopeia.fi\/levi-summit\/en\/sustainability\/#primaryimage\"},\"image\":{\"@id\":\"https:\/\/www.kassiopeia.fi\/levi-summit\/en\/sustainability\/#primaryimage\"},\"thumbnailUrl\":\"https:\/\/www.kassiopeia.fi\/levi-summit\/wp-content\/uploads\/sites\/5\/2025\/05\/joutsenmerkki-stf.png\",\"datePublished\":\"2025-07-16T10:56:14+00:00\",\"dateModified\":\"2025-12-01T13:51:27+00:00\",\"description\":\"Levi Summit has received the Nordic Swan Ecolabel in recognition of our commitment to environmental responsibility. Learn more!\",\"breadcrumb\":{\"@id\":\"https:\/\/www.kassiopeia.fi\/levi-summit\/en\/sustainability\/#breadcrumb\"},\"inLanguage\":\"fi\",\"potentialAction\":[{\"@type\":\"ReadAction\",\"target\":[\"https:\/\/www.kassiopeia.fi\/levi-summit\/en\/sustainability\/\"]}]},{\"@type\":\"ImageObject\",\"inLanguage\":\"fi\",\"@id\":\"https:\/\/www.kassiopeia.fi\/levi-summit\/en\/sustainability\/#primaryimage\",\"url\":\"https:\/\/www.kassiopeia.fi\/levi-summit\/wp-content\/uploads\/sites\/5\/2025\/05\/joutsenmerkki-stf.png\",\"contentUrl\":\"https:\/\/www.kassiopeia.fi\/levi-summit\/wp-content\/uploads\/sites\/5\/2025\/05\/joutsenmerkki-stf.png\",\"width\":592,\"height\":614,\"caption\":\"\\\"\\\"\"},{\"@type\":\"BreadcrumbList\",\"@id\":\"https:\/\/www.kassiopeia.fi\/levi-summit\/en\/sustainability\/#breadcrumb\",\"itemListElement\":[{\"@type\":\"ListItem\",\"position\":1,\"name\":\"Etusivu\",\"item\":\"https:\/\/www.kassiopeia.fi\/levi-summit\/\"},{\"@type\":\"ListItem\",\"position\":2,\"name\":\"Sustainability\"}]},{\"@type\":\"WebSite\",\"@id\":\"https:\/\/www.kassiopeia.fi\/levi-summit\/#website\",\"url\":\"https:\/\/www.kassiopeia.fi\/levi-summit\/\",\"name\":\"Levi Summit\",\"description\":\"\",\"potentialAction\":[{\"@type\":\"SearchAction\",\"target\":{\"@type\":\"EntryPoint\",\"urlTemplate\":\"https:\/\/www.kassiopeia.fi\/levi-summit\/?s={search_term_string}\"},\"query-input\":{\"@type\":\"PropertyValueSpecification\",\"valueRequired\":true,\"valueName\":\"search_term_string\"}}],\"inLanguage\":\"fi\"}]}<\/script>\n<!-- \/ Yoast SEO Premium plugin. -->","yoast_head_json":{"title":"Sustainability - Levi Summit","description":"Levi Summit has received the Nordic Swan Ecolabel in recognition of our commitment to environmental responsibility. Learn more!","robots":{"index":"index","follow":"follow","max-snippet":"max-snippet:-1","max-image-preview":"max-image-preview:large","max-video-preview":"max-video-preview:-1"},"canonical":"https:\/\/www.kassiopeia.fi\/levi-summit\/en\/sustainability\/","og_locale":"fi_FI","og_type":"article","og_title":"Sustainability","og_description":"Levi Summit has received the Nordic Swan Ecolabel in recognition of our commitment to environmental responsibility. Learn more!","og_url":"https:\/\/www.kassiopeia.fi\/levi-summit\/en\/sustainability\/","og_site_name":"Levi Summit","article_publisher":"https:\/\/www.facebook.com\/LeviSummitEventCenter\/","article_modified_time":"2025-12-01T13:51:27+00:00","og_image":[{"width":592,"height":614,"url":"https:\/\/www.kassiopeia.fi\/levi-summit\/wp-content\/uploads\/sites\/5\/2025\/05\/joutsenmerkki-stf.png","type":"image\/png"}],"twitter_card":"summary_large_image","twitter_misc":{"Arvioitu lukuaika":"4 minuuttia"},"schema":{"@context":"https:\/\/schema.org","@graph":[{"@type":"WebPage","@id":"https:\/\/www.kassiopeia.fi\/levi-summit\/en\/sustainability\/","url":"https:\/\/www.kassiopeia.fi\/levi-summit\/en\/sustainability\/","name":"Sustainability - Levi Summit","isPartOf":{"@id":"https:\/\/www.kassiopeia.fi\/levi-summit\/#website"},"primaryImageOfPage":{"@id":"https:\/\/www.kassiopeia.fi\/levi-summit\/en\/sustainability\/#primaryimage"},"image":{"@id":"https:\/\/www.kassiopeia.fi\/levi-summit\/en\/sustainability\/#primaryimage"},"thumbnailUrl":"https:\/\/www.kassiopeia.fi\/levi-summit\/wp-content\/uploads\/sites\/5\/2025\/05\/joutsenmerkki-stf.png","datePublished":"2025-07-16T10:56:14+00:00","dateModified":"2025-12-01T13:51:27+00:00","description":"Levi Summit has received the Nordic Swan Ecolabel in recognition of our commitment to environmental responsibility. Learn more!","breadcrumb":{"@id":"https:\/\/www.kassiopeia.fi\/levi-summit\/en\/sustainability\/#breadcrumb"},"inLanguage":"fi","potentialAction":[{"@type":"ReadAction","target":["https:\/\/www.kassiopeia.fi\/levi-summit\/en\/sustainability\/"]}]},{"@type":"ImageObject","inLanguage":"fi","@id":"https:\/\/www.kassiopeia.fi\/levi-summit\/en\/sustainability\/#primaryimage","url":"https:\/\/www.kassiopeia.fi\/levi-summit\/wp-content\/uploads\/sites\/5\/2025\/05\/joutsenmerkki-stf.png","contentUrl":"https:\/\/www.kassiopeia.fi\/levi-summit\/wp-content\/uploads\/sites\/5\/2025\/05\/joutsenmerkki-stf.png","width":592,"height":614,"caption":"\"\""},{"@type":"BreadcrumbList","@id":"https:\/\/www.kassiopeia.fi\/levi-summit\/en\/sustainability\/#breadcrumb","itemListElement":[{"@type":"ListItem","position":1,"name":"Etusivu","item":"https:\/\/www.kassiopeia.fi\/levi-summit\/"},{"@type":"ListItem","position":2,"name":"Sustainability"}]},{"@type":"WebSite","@id":"https:\/\/www.kassiopeia.fi\/levi-summit\/#website","url":"https:\/\/www.kassiopeia.fi\/levi-summit\/","name":"Levi Summit","description":"","potentialAction":[{"@type":"SearchAction","target":{"@type":"EntryPoint","urlTemplate":"https:\/\/www.kassiopeia.fi\/levi-summit\/?s={search_term_string}"},"query-input":{"@type":"PropertyValueSpecification","valueRequired":true,"valueName":"search_term_string"}}],"inLanguage":"fi"}]}},"lang":"en","translations":{"en":996,"fi":200},"pll_sync_post":[],"_links":{"self":[{"href":"https:\/\/www.kassiopeia.fi\/levi-summit\/wp-json\/wp\/v2\/pages\/996","targetHints":{"allow":["GET"]}}],"collection":[{"href":"https:\/\/www.kassiopeia.fi\/levi-summit\/wp-json\/wp\/v2\/pages"}],"about":[{"href":"https:\/\/www.kassiopeia.fi\/levi-summit\/wp-json\/wp\/v2\/types\/page"}],"author":[{"embeddable":true,"href":"https:\/\/www.kassiopeia.fi\/levi-summit\/wp-json\/wp\/v2\/users\/4"}],"replies":[{"embeddable":true,"href":"https:\/\/www.kassiopeia.fi\/levi-summit\/wp-json\/wp\/v2\/comments?post=996"}],"version-history":[{"count":25,"href":"https:\/\/www.kassiopeia.fi\/levi-summit\/wp-json\/wp\/v2\/pages\/996\/revisions"}],"predecessor-version":[{"id":2873,"href":"https:\/\/www.kassiopeia.fi\/levi-summit\/wp-json\/wp\/v2\/pages\/996\/revisions\/2873"}],"wp:attachment":[{"href":"https:\/\/www.kassiopeia.fi\/levi-summit\/wp-json\/wp\/v2\/media?parent=996"}],"curies":[{"name":"wp","href":"https:\/\/api.w.org\/{rel}","templated":true}]}}