{"id":375,"date":"2025-03-28T14:07:54","date_gmt":"2025-03-28T12:07:54","guid":{"rendered":"https:\/\/www.kassiopeia.fi\/levi-summit\/?page_id=375"},"modified":"2025-08-21T12:58:28","modified_gmt":"2025-08-21T09:58:28","slug":"tapahtuma-ja-kokouspalvelut","status":"publish","type":"page","link":"https:\/\/www.kassiopeia.fi\/levi-summit\/tapahtuma-ja-kokouspalvelut\/","title":{"rendered":"Palvelut ja tapahtumat"},"content":{"rendered":"\n<div class=\"wp-block-cover alignfull has-parallax cover-hero wp-duotone-unset-1\" style=\"margin-top:0px;margin-bottom:0px;padding-top:0px;padding-right:0px;padding-bottom:0px;padding-left:0px;min-height:100vh;aspect-ratio:unset;\"><div role=\"img\" aria-label=\"&quot;&quot;\" class=\"wp-block-cover__image-background wp-image-1043 size-full has-parallax\" style=\"background-position:50% 50%;background-image:url(https:\/\/www.kassiopeia.fi\/levi-summit\/wp-content\/uploads\/sites\/5\/2025\/07\/levi-summit-auditorio.jpg)\"><\/div><span aria-hidden=\"true\" class=\"wp-block-cover__background has-levi-summit-4-background-color has-background-dim-0 has-background-dim\"><\/span><div class=\"wp-block-cover__inner-container is-layout-flow wp-container-core-cover-is-layout-6e17fc20 wp-block-cover-is-layout-flow\">\n<p class=\"has-text-align-center has-large-font-size\"><\/p>\n<\/div><\/div>\n\n\n\n<div class=\"wp-block-group alignfull has-background is-layout-constrained wp-container-core-group-is-layout-8657f4d6 wp-block-group-is-layout-constrained\" style=\"background-color:#f7f7f7;margin-top:0;margin-bottom:0;padding-top:var(--wp--preset--spacing--60);padding-right:var(--wp--preset--spacing--40);padding-bottom:var(--wp--preset--spacing--60);padding-left:var(--wp--preset--spacing--40)\">\n<h1 class=\"wp-block-heading has-text-align-center has-large-font-size\" id=\"h-palvelut-ja-tapahtumat-levi-summitissa\">Palvelut ja tapahtumat Levi Summitissa<\/h1>\n\n\n\n<p class=\"has-text-align-center has-general-2-color has-text-color has-link-color has-large-font-size wp-elements-b500755be749dea7848bdd32a8079d47\">Levi Summitissa toimii elokuvateatteri sek\u00e4 n\u00e4k\u00f6alakahvila ja -ravintola Spiella. Alakerrassa on saamelaiskulttuurista kertova Samiland-n\u00e4yttely, joka jatkuu my\u00f6s ulkon\u00e4yttelyksi esitellen Lapin alkuper\u00e4iskansan rakennuksia sek\u00e4 poronhoitoa. Talvella p\u00e4\u00e4set tutustumaan n\u00e4yttelyss\u00e4 my\u00f6s oikeisiin poroihin. Voit ostaa Spiellasta mukaan j\u00e4k\u00e4l\u00e4pussin ja sy\u00f6tt\u00e4\u00e4 poroja t\u00e4ll\u00e4 niiden lempiherkulla.<\/p>\n<\/div>\n\n\n\n<div class=\"wp-block-group alignfull is-layout-constrained wp-container-core-group-is-layout-12843e03 wp-block-group-is-layout-constrained\" id=\"spiella\" style=\"margin-top:0;margin-bottom:0;padding-top:var(--wp--preset--spacing--60);padding-right:var(--wp--preset--spacing--40);padding-bottom:var(--wp--preset--spacing--50);padding-left:var(--wp--preset--spacing--40)\">\n<div class=\"wp-block-columns are-vertically-aligned-center is-layout-flex wp-container-core-columns-is-layout-28f84493 wp-block-columns-is-layout-flex\">\n<div class=\"wp-block-column is-vertically-aligned-center is-layout-flow wp-block-column-is-layout-flow\" style=\"flex-basis:55%\">\n<figure class=\"wp-block-image size-full\"><img loading=\"lazy\" decoding=\"async\" width=\"2000\" height=\"1774\" src=\"https:\/\/www.kassiopeia.fi\/levi-summit\/wp-content\/uploads\/sites\/5\/2025\/05\/spiella-1.jpg\" alt=\"Maisemakhavila ja -ravintola Spiellan n\u00e4kym\u00e4.\" class=\"wp-image-512\" srcset=\"https:\/\/www.kassiopeia.fi\/levi-summit\/wp-content\/uploads\/sites\/5\/2025\/05\/spiella-1.jpg 2000w, https:\/\/www.kassiopeia.fi\/levi-summit\/wp-content\/uploads\/sites\/5\/2025\/05\/spiella-1-300x266.jpg 300w, https:\/\/www.kassiopeia.fi\/levi-summit\/wp-content\/uploads\/sites\/5\/2025\/05\/spiella-1-1024x908.jpg 1024w, https:\/\/www.kassiopeia.fi\/levi-summit\/wp-content\/uploads\/sites\/5\/2025\/05\/spiella-1-768x681.jpg 768w, https:\/\/www.kassiopeia.fi\/levi-summit\/wp-content\/uploads\/sites\/5\/2025\/05\/spiella-1-1536x1362.jpg 1536w\" sizes=\"auto, (max-width: 2000px) 100vw, 2000px\" \/><\/figure>\n<\/div>\n\n\n\n<div class=\"wp-block-column is-vertically-aligned-center is-layout-flow wp-block-column-is-layout-flow\" style=\"flex-basis:45%\">\n<h2 class=\"wp-block-heading\" id=\"h-maisemakahvila-ja-ravintola-spiella\">Maisemakahvila- ja ravintola Spiella<\/h2>\n\n\n\n<p>Maisemakahvila ja -ravintola Spiellassa voit nauttia henke\u00e4salpaavien maisemien \u00e4\u00e4rell\u00e4 herkullisia suolaisia ja makeita kahvilatuotteita sek\u00e4 kuumia &amp; kylmi\u00e4 juomia.<\/p>\n\n\n\n<p><a href=\"https:\/\/www.kassiopeia.fi\/levi-summit\/spiella\/\">Lue lis\u00e4\u00e4 Spiellan tarjonnasta<\/a><\/p>\n<\/div>\n<\/div>\n<\/div>\n\n\n\n<div class=\"wp-block-group alignfull is-layout-constrained wp-container-core-group-is-layout-769e3311 wp-block-group-is-layout-constrained\" id=\"elokuvateatteri\" style=\"margin-top:0;margin-bottom:0;padding-top:var(--wp--preset--spacing--40);padding-right:var(--wp--preset--spacing--40);padding-bottom:var(--wp--preset--spacing--50);padding-left:var(--wp--preset--spacing--40)\">\n<div class=\"wp-block-columns are-vertically-aligned-center is-layout-flex wp-container-core-columns-is-layout-28f84493 wp-block-columns-is-layout-flex\">\n<div class=\"wp-block-column is-vertically-aligned-center is-layout-flow wp-block-column-is-layout-flow\" style=\"flex-basis:45%\">\n<h2 class=\"wp-block-heading\" id=\"h-elokuvateatteri\">Elokuvateatteri<\/h2>\n\n\n\n<p>Cinema Levi Summit on Levin ainoa elokuvateatteri, jossa uusimmat elokuvat n\u00e4ytet\u00e4\u00e4n suurelta 12 x 6 m valkokankaalta! Teatterissa on 436 istumapaikkaa, jotka ovat varustettu edess\u00e4 olevilla tasoilla. Halutessasi voit j\u00e4rjest\u00e4\u00e4 vaikkapa yksityisen elokuvan\u00e4yt\u00f6ksen.<\/p>\n\n\n\n<p><a href=\"https:\/\/www.kassiopeia.fi\/levi-summit\/cinema\/\">Cinema Levi Summit -elokuvateatteri<\/a><\/p>\n<\/div>\n\n\n\n<div class=\"wp-block-column is-vertically-aligned-center is-layout-flow wp-block-column-is-layout-flow\" style=\"flex-basis:55%\">\n<figure class=\"wp-block-image size-full\"><img loading=\"lazy\" decoding=\"async\" width=\"1024\" height=\"726\" src=\"https:\/\/www.kassiopeia.fi\/levi-summit\/wp-content\/uploads\/sites\/5\/2025\/02\/Summitleffat1-sanomalehteen2-1024x726-1.jpg\" alt=\"Mies ja nainen Levi Summitin elokuvateatterissa.\" class=\"wp-image-17\" srcset=\"https:\/\/www.kassiopeia.fi\/levi-summit\/wp-content\/uploads\/sites\/5\/2025\/02\/Summitleffat1-sanomalehteen2-1024x726-1.jpg 1024w, https:\/\/www.kassiopeia.fi\/levi-summit\/wp-content\/uploads\/sites\/5\/2025\/02\/Summitleffat1-sanomalehteen2-1024x726-1-300x213.jpg 300w, https:\/\/www.kassiopeia.fi\/levi-summit\/wp-content\/uploads\/sites\/5\/2025\/02\/Summitleffat1-sanomalehteen2-1024x726-1-768x545.jpg 768w\" sizes=\"auto, (max-width: 1024px) 100vw, 1024px\" \/><\/figure>\n<\/div>\n<\/div>\n<\/div>\n\n\n\n<div class=\"wp-block-group alignfull is-layout-constrained wp-container-core-group-is-layout-769e3311 wp-block-group-is-layout-constrained\" id=\"hotel-levi-panorama\" style=\"margin-top:0;margin-bottom:0;padding-top:var(--wp--preset--spacing--40);padding-right:var(--wp--preset--spacing--40);padding-bottom:var(--wp--preset--spacing--50);padding-left:var(--wp--preset--spacing--40)\">\n<div class=\"wp-block-columns are-vertically-aligned-center is-layout-flex wp-container-core-columns-is-layout-28f84493 wp-block-columns-is-layout-flex\">\n<div class=\"wp-block-column is-vertically-aligned-center is-layout-flow wp-block-column-is-layout-flow\" style=\"flex-basis:55%\">\n<figure class=\"wp-block-image size-full\"><img loading=\"lazy\" decoding=\"async\" width=\"1333\" height=\"915\" src=\"https:\/\/www.kassiopeia.fi\/levi-summit\/wp-content\/uploads\/sites\/5\/2025\/05\/hotel-levi-panorama.jpg\" alt=\"Hotel Levi Panorama ja Levi Summit kes\u00e4ll\u00e4.\" class=\"wp-image-466\" srcset=\"https:\/\/www.kassiopeia.fi\/levi-summit\/wp-content\/uploads\/sites\/5\/2025\/05\/hotel-levi-panorama.jpg 1333w, https:\/\/www.kassiopeia.fi\/levi-summit\/wp-content\/uploads\/sites\/5\/2025\/05\/hotel-levi-panorama-300x206.jpg 300w, https:\/\/www.kassiopeia.fi\/levi-summit\/wp-content\/uploads\/sites\/5\/2025\/05\/hotel-levi-panorama-1024x703.jpg 1024w, https:\/\/www.kassiopeia.fi\/levi-summit\/wp-content\/uploads\/sites\/5\/2025\/05\/hotel-levi-panorama-768x527.jpg 768w\" sizes=\"auto, (max-width: 1333px) 100vw, 1333px\" \/><\/figure>\n<\/div>\n\n\n\n<div class=\"wp-block-column is-vertically-aligned-center is-layout-flow wp-block-column-is-layout-flow\" style=\"flex-basis:45%\">\n<h2 class=\"wp-block-heading\" id=\"h-hotelli-ja-kattavat-ravintolapalvelut-aivan-levi-summitin-naapurissa\">Hotelli ja kattavat ravintolapalvelut aivan Levi Summitin naapurissa<\/h2>\n\n\n\n<p>Hotel Levi Panorama on upea maisemahotelli Levin eturinteess\u00e4, jossa majoitut tilavissa huoneissa aivan Levi Summitin naapurissa. Hotellissa on laadukkaat ravintolapalvelut, ylimm\u00e4n kerroksen maisemasaunat ja Sky Bar, josta p\u00e4\u00e4set ihailemaan maisemia Levin kyl\u00e4n yll\u00e4. Tapahtumakeskus Levi Summit ja Hotel Levi Panorama sijaitsevat korkealla Levitunturin eturinteen laella, merenpinnasta korkeus on yli 300 metri\u00e4.<\/p>\n\n\n\n<p><a href=\"https:\/\/www.levipanorama.fi\" target=\"_blank\" rel=\"noreferrer noopener\">Tutustu Hotel Levi Panoramaan: levipanorama.fi<\/a><\/p>\n<\/div>\n<\/div>\n<\/div>\n\n\n\n<div class=\"wp-block-group alignfull is-layout-constrained wp-container-core-group-is-layout-769e3311 wp-block-group-is-layout-constrained\" id=\"samiland-nayttely\" style=\"margin-top:0;margin-bottom:0;padding-top:var(--wp--preset--spacing--40);padding-right:var(--wp--preset--spacing--40);padding-bottom:var(--wp--preset--spacing--50);padding-left:var(--wp--preset--spacing--40)\">\n<div class=\"wp-block-columns are-vertically-aligned-center is-layout-flex wp-container-core-columns-is-layout-28f84493 wp-block-columns-is-layout-flex\">\n<div class=\"wp-block-column is-vertically-aligned-center is-layout-flow wp-block-column-is-layout-flow\" style=\"flex-basis:45%\">\n<h2 class=\"wp-block-heading\" id=\"h-samiland-nayttely\">Samiland-n\u00e4yttely<\/h2>\n\n\n\n<p>Levi Summitissa p\u00e4\u00e4set tutustumaan my\u00f6s Lapin alkuper\u00e4iskansan historiaan ja kulttuuriin Samiland-n\u00e4yttelyss\u00e4.<\/p>\n\n\n\n<p>Sis\u00e4n\u00e4yttelyss\u00e4 opit muun muassa, mit\u00e4 eroa on kolttasaamelaisilla ja tunturisaamelaisilla, millaisia ovat perinteiset saamelaiset elinkeinot ja muinaiset taruhahmot. Ulkon\u00e4yttely tutustuttaa sinut saamelaisiin rakennuksiin ja poronhoitoon.<\/p>\n\n\n\n<p><a href=\"https:\/\/www.samiland.fi\" target=\"_blank\" rel=\"noreferrer noopener\">Tutusu lis\u00e4\u00e4 Samiland-n\u00e4yttelyyn: samiland.fi<\/a><\/p>\n<\/div>\n\n\n\n<div class=\"wp-block-column is-vertically-aligned-center is-layout-flow wp-block-column-is-layout-flow\" style=\"flex-basis:55%\">\n<figure class=\"wp-block-image size-full\"><img loading=\"lazy\" decoding=\"async\" width=\"1166\" height=\"1125\" src=\"https:\/\/www.kassiopeia.fi\/levi-summit\/wp-content\/uploads\/sites\/5\/2025\/05\/samiland-nayttely-1.jpg\" alt=\"Samiland-nayttely tapahtumakeskus Levi Summitissa kertoo saamelaisten historiasta ja kulttuurista.\" class=\"wp-image-558\" srcset=\"https:\/\/www.kassiopeia.fi\/levi-summit\/wp-content\/uploads\/sites\/5\/2025\/05\/samiland-nayttely-1.jpg 1166w, https:\/\/www.kassiopeia.fi\/levi-summit\/wp-content\/uploads\/sites\/5\/2025\/05\/samiland-nayttely-1-300x289.jpg 300w, https:\/\/www.kassiopeia.fi\/levi-summit\/wp-content\/uploads\/sites\/5\/2025\/05\/samiland-nayttely-1-1024x988.jpg 1024w, https:\/\/www.kassiopeia.fi\/levi-summit\/wp-content\/uploads\/sites\/5\/2025\/05\/samiland-nayttely-1-768x741.jpg 768w\" sizes=\"auto, (max-width: 1166px) 100vw, 1166px\" \/><\/figure>\n<\/div>\n<\/div>\n<\/div>\n","protected":false},"excerpt":{"rendered":"<p>Palvelut ja tapahtumat Levi Summitissa Levi Summitissa toimii elokuvateatteri sek\u00e4 n\u00e4k\u00f6alakahvila ja -ravintola Spiella. Alakerrassa on saamelaiskulttuurista kertova Samiland-n\u00e4yttely, joka jatkuu my\u00f6s ulkon\u00e4yttelyksi esitellen Lapin alkuper\u00e4iskansan rakennuksia sek\u00e4 poronhoitoa. Talvella p\u00e4\u00e4set tutustumaan n\u00e4yttelyss\u00e4 my\u00f6s oikeisiin poroihin. Voit ostaa Spiellasta mukaan j\u00e4k\u00e4l\u00e4pussin ja sy\u00f6tt\u00e4\u00e4 poroja t\u00e4ll\u00e4 niiden lempiherkulla. Maisemakahvila- ja ravintola Spiella Maisemakahvila ja -ravintola Spiellassa [&hellip;]<\/p>\n","protected":false},"author":4,"featured_media":0,"parent":0,"menu_order":0,"comment_status":"closed","ping_status":"closed","template":"","meta":{"_acf_changed":false,"footnotes":""},"class_list":["post-375","page","type-page","status-publish","hentry"],"acf":[],"yoast_head":"<!-- This site is optimized with the Yoast SEO Premium plugin v27.2 (Yoast SEO v27.2) - https:\/\/yoast.com\/product\/yoast-seo-premium-wordpress\/ -->\n<title>Palvelut ja tapahtumat - Levi Summit<\/title>\n<meta name=\"description\" content=\"Levi Summitin ainutlaatuiset kokoustilat Levitunturin Koutalella, monipuolisten aktiviteettien \u00e4\u00e4rell\u00e4. Katso lis\u00e4\u00e4!\" \/>\n<meta name=\"robots\" content=\"index, follow, max-snippet:-1, max-image-preview:large, max-video-preview:-1\" \/>\n<link rel=\"canonical\" href=\"https:\/\/www.kassiopeia.fi\/levi-summit\/tapahtuma-ja-kokouspalvelut\/\" \/>\n<meta property=\"og:locale\" content=\"fi_FI\" \/>\n<meta property=\"og:type\" content=\"article\" \/>\n<meta property=\"og:title\" content=\"Palvelut ja tapahtumat\" \/>\n<meta property=\"og:description\" content=\"Levi Summitin ainutlaatuiset kokoustilat Levitunturin Koutalella, monipuolisten aktiviteettien \u00e4\u00e4rell\u00e4. Katso lis\u00e4\u00e4!\" \/>\n<meta property=\"og:url\" content=\"https:\/\/www.kassiopeia.fi\/levi-summit\/tapahtuma-ja-kokouspalvelut\/\" \/>\n<meta property=\"og:site_name\" content=\"Levi Summit\" \/>\n<meta property=\"article:publisher\" content=\"https:\/\/www.facebook.com\/LeviSummitEventCenter\/\" \/>\n<meta property=\"article:modified_time\" content=\"2025-08-21T09:58:28+00:00\" \/>\n<meta property=\"og:image\" content=\"https:\/\/www.kassiopeia.fi\/levi-summit\/wp-content\/uploads\/sites\/5\/2025\/05\/spiella-1.jpg\" \/>\n\t<meta property=\"og:image:width\" content=\"2000\" \/>\n\t<meta property=\"og:image:height\" content=\"1774\" \/>\n\t<meta property=\"og:image:type\" content=\"image\/jpeg\" \/>\n<meta name=\"twitter:card\" content=\"summary_large_image\" \/>\n<meta name=\"twitter:label1\" content=\"Arvioitu lukuaika\" \/>\n\t<meta name=\"twitter:data1\" content=\"3 minuuttia\" \/>\n<script type=\"application\/ld+json\" class=\"yoast-schema-graph\">{\"@context\":\"https:\/\/schema.org\",\"@graph\":[{\"@type\":\"WebPage\",\"@id\":\"https:\/\/www.kassiopeia.fi\/levi-summit\/tapahtuma-ja-kokouspalvelut\/\",\"url\":\"https:\/\/www.kassiopeia.fi\/levi-summit\/tapahtuma-ja-kokouspalvelut\/\",\"name\":\"Palvelut ja tapahtumat - Levi Summit\",\"isPartOf\":{\"@id\":\"https:\/\/www.kassiopeia.fi\/levi-summit\/#website\"},\"primaryImageOfPage\":{\"@id\":\"https:\/\/www.kassiopeia.fi\/levi-summit\/tapahtuma-ja-kokouspalvelut\/#primaryimage\"},\"image\":{\"@id\":\"https:\/\/www.kassiopeia.fi\/levi-summit\/tapahtuma-ja-kokouspalvelut\/#primaryimage\"},\"thumbnailUrl\":\"https:\/\/www.kassiopeia.fi\/levi-summit\/wp-content\/uploads\/sites\/5\/2025\/05\/spiella-1.jpg\",\"datePublished\":\"2025-03-28T12:07:54+00:00\",\"dateModified\":\"2025-08-21T09:58:28+00:00\",\"description\":\"Levi Summitin ainutlaatuiset kokoustilat Levitunturin Koutalella, monipuolisten aktiviteettien \u00e4\u00e4rell\u00e4. Katso lis\u00e4\u00e4!\",\"breadcrumb\":{\"@id\":\"https:\/\/www.kassiopeia.fi\/levi-summit\/tapahtuma-ja-kokouspalvelut\/#breadcrumb\"},\"inLanguage\":\"fi\",\"potentialAction\":[{\"@type\":\"ReadAction\",\"target\":[\"https:\/\/www.kassiopeia.fi\/levi-summit\/tapahtuma-ja-kokouspalvelut\/\"]}]},{\"@type\":\"ImageObject\",\"inLanguage\":\"fi\",\"@id\":\"https:\/\/www.kassiopeia.fi\/levi-summit\/tapahtuma-ja-kokouspalvelut\/#primaryimage\",\"url\":\"https:\/\/www.kassiopeia.fi\/levi-summit\/wp-content\/uploads\/sites\/5\/2025\/05\/spiella-1.jpg\",\"contentUrl\":\"https:\/\/www.kassiopeia.fi\/levi-summit\/wp-content\/uploads\/sites\/5\/2025\/05\/spiella-1.jpg\",\"width\":2000,\"height\":1774,\"caption\":\"Maisemakhavila ja -ravintola Spiellan n\u00e4kym\u00e4.\"},{\"@type\":\"BreadcrumbList\",\"@id\":\"https:\/\/www.kassiopeia.fi\/levi-summit\/tapahtuma-ja-kokouspalvelut\/#breadcrumb\",\"itemListElement\":[{\"@type\":\"ListItem\",\"position\":1,\"name\":\"Etusivu\",\"item\":\"https:\/\/www.kassiopeia.fi\/levi-summit\/\"},{\"@type\":\"ListItem\",\"position\":2,\"name\":\"Palvelut ja tapahtumat\"}]},{\"@type\":\"WebSite\",\"@id\":\"https:\/\/www.kassiopeia.fi\/levi-summit\/#website\",\"url\":\"https:\/\/www.kassiopeia.fi\/levi-summit\/\",\"name\":\"Levi Summit\",\"description\":\"\",\"potentialAction\":[{\"@type\":\"SearchAction\",\"target\":{\"@type\":\"EntryPoint\",\"urlTemplate\":\"https:\/\/www.kassiopeia.fi\/levi-summit\/?s={search_term_string}\"},\"query-input\":{\"@type\":\"PropertyValueSpecification\",\"valueRequired\":true,\"valueName\":\"search_term_string\"}}],\"inLanguage\":\"fi\"}]}<\/script>\n<!-- \/ Yoast SEO Premium plugin. -->","yoast_head_json":{"title":"Palvelut ja tapahtumat - Levi Summit","description":"Levi Summitin ainutlaatuiset kokoustilat Levitunturin Koutalella, monipuolisten aktiviteettien \u00e4\u00e4rell\u00e4. Katso lis\u00e4\u00e4!","robots":{"index":"index","follow":"follow","max-snippet":"max-snippet:-1","max-image-preview":"max-image-preview:large","max-video-preview":"max-video-preview:-1"},"canonical":"https:\/\/www.kassiopeia.fi\/levi-summit\/tapahtuma-ja-kokouspalvelut\/","og_locale":"fi_FI","og_type":"article","og_title":"Palvelut ja tapahtumat","og_description":"Levi Summitin ainutlaatuiset kokoustilat Levitunturin Koutalella, monipuolisten aktiviteettien \u00e4\u00e4rell\u00e4. Katso lis\u00e4\u00e4!","og_url":"https:\/\/www.kassiopeia.fi\/levi-summit\/tapahtuma-ja-kokouspalvelut\/","og_site_name":"Levi Summit","article_publisher":"https:\/\/www.facebook.com\/LeviSummitEventCenter\/","article_modified_time":"2025-08-21T09:58:28+00:00","og_image":[{"width":2000,"height":1774,"url":"https:\/\/www.kassiopeia.fi\/levi-summit\/wp-content\/uploads\/sites\/5\/2025\/05\/spiella-1.jpg","type":"image\/jpeg"}],"twitter_card":"summary_large_image","twitter_misc":{"Arvioitu lukuaika":"3 minuuttia"},"schema":{"@context":"https:\/\/schema.org","@graph":[{"@type":"WebPage","@id":"https:\/\/www.kassiopeia.fi\/levi-summit\/tapahtuma-ja-kokouspalvelut\/","url":"https:\/\/www.kassiopeia.fi\/levi-summit\/tapahtuma-ja-kokouspalvelut\/","name":"Palvelut ja tapahtumat - Levi Summit","isPartOf":{"@id":"https:\/\/www.kassiopeia.fi\/levi-summit\/#website"},"primaryImageOfPage":{"@id":"https:\/\/www.kassiopeia.fi\/levi-summit\/tapahtuma-ja-kokouspalvelut\/#primaryimage"},"image":{"@id":"https:\/\/www.kassiopeia.fi\/levi-summit\/tapahtuma-ja-kokouspalvelut\/#primaryimage"},"thumbnailUrl":"https:\/\/www.kassiopeia.fi\/levi-summit\/wp-content\/uploads\/sites\/5\/2025\/05\/spiella-1.jpg","datePublished":"2025-03-28T12:07:54+00:00","dateModified":"2025-08-21T09:58:28+00:00","description":"Levi Summitin ainutlaatuiset kokoustilat Levitunturin Koutalella, monipuolisten aktiviteettien \u00e4\u00e4rell\u00e4. Katso lis\u00e4\u00e4!","breadcrumb":{"@id":"https:\/\/www.kassiopeia.fi\/levi-summit\/tapahtuma-ja-kokouspalvelut\/#breadcrumb"},"inLanguage":"fi","potentialAction":[{"@type":"ReadAction","target":["https:\/\/www.kassiopeia.fi\/levi-summit\/tapahtuma-ja-kokouspalvelut\/"]}]},{"@type":"ImageObject","inLanguage":"fi","@id":"https:\/\/www.kassiopeia.fi\/levi-summit\/tapahtuma-ja-kokouspalvelut\/#primaryimage","url":"https:\/\/www.kassiopeia.fi\/levi-summit\/wp-content\/uploads\/sites\/5\/2025\/05\/spiella-1.jpg","contentUrl":"https:\/\/www.kassiopeia.fi\/levi-summit\/wp-content\/uploads\/sites\/5\/2025\/05\/spiella-1.jpg","width":2000,"height":1774,"caption":"Maisemakhavila ja -ravintola Spiellan n\u00e4kym\u00e4."},{"@type":"BreadcrumbList","@id":"https:\/\/www.kassiopeia.fi\/levi-summit\/tapahtuma-ja-kokouspalvelut\/#breadcrumb","itemListElement":[{"@type":"ListItem","position":1,"name":"Etusivu","item":"https:\/\/www.kassiopeia.fi\/levi-summit\/"},{"@type":"ListItem","position":2,"name":"Palvelut ja tapahtumat"}]},{"@type":"WebSite","@id":"https:\/\/www.kassiopeia.fi\/levi-summit\/#website","url":"https:\/\/www.kassiopeia.fi\/levi-summit\/","name":"Levi Summit","description":"","potentialAction":[{"@type":"SearchAction","target":{"@type":"EntryPoint","urlTemplate":"https:\/\/www.kassiopeia.fi\/levi-summit\/?s={search_term_string}"},"query-input":{"@type":"PropertyValueSpecification","valueRequired":true,"valueName":"search_term_string"}}],"inLanguage":"fi"}]}},"lang":"fi","translations":{"fi":375,"en":1055},"pll_sync_post":[],"_links":{"self":[{"href":"https:\/\/www.kassiopeia.fi\/levi-summit\/wp-json\/wp\/v2\/pages\/375","targetHints":{"allow":["GET"]}}],"collection":[{"href":"https:\/\/www.kassiopeia.fi\/levi-summit\/wp-json\/wp\/v2\/pages"}],"about":[{"href":"https:\/\/www.kassiopeia.fi\/levi-summit\/wp-json\/wp\/v2\/types\/page"}],"author":[{"embeddable":true,"href":"https:\/\/www.kassiopeia.fi\/levi-summit\/wp-json\/wp\/v2\/users\/4"}],"replies":[{"embeddable":true,"href":"https:\/\/www.kassiopeia.fi\/levi-summit\/wp-json\/wp\/v2\/comments?post=375"}],"version-history":[{"count":72,"href":"https:\/\/www.kassiopeia.fi\/levi-summit\/wp-json\/wp\/v2\/pages\/375\/revisions"}],"predecessor-version":[{"id":1659,"href":"https:\/\/www.kassiopeia.fi\/levi-summit\/wp-json\/wp\/v2\/pages\/375\/revisions\/1659"}],"wp:attachment":[{"href":"https:\/\/www.kassiopeia.fi\/levi-summit\/wp-json\/wp\/v2\/media?parent=375"}],"curies":[{"name":"wp","href":"https:\/\/api.w.org\/{rel}","templated":true}]}}