{"id":1419,"date":"2024-10-22T06:11:58","date_gmt":"2024-10-22T06:11:58","guid":{"rendered":"https:\/\/www.kassiopeia.fi\/hotel-levi-panorama\/?page_id=1419"},"modified":"2025-09-03T07:13:00","modified_gmt":"2025-09-03T07:13:00","slug":"miksi-varata-suoraan","status":"publish","type":"page","link":"https:\/\/www.kassiopeia.fi\/hotel-levi-panorama\/miksi-varata-suoraan\/","title":{"rendered":"Miksi varata suoraan"},"content":{"rendered":"\n<div class=\"wp-block-cover alignfull is-light cover-hero wp-duotone-unset-1\" style=\"margin-top:0px;margin-bottom:0px;padding-top:0px;padding-right:0px;padding-bottom:0px;padding-left:0px;min-height:30vw;aspect-ratio:unset;\"><img loading=\"lazy\" decoding=\"async\" width=\"2000\" height=\"1125\" class=\"wp-block-cover__image-background wp-image-1429\" alt=\"Hotel Levi Panoraman vastaanotto.\" src=\"https:\/\/www.kassiopeia.fi\/hotel-levi-panorama\/wp-content\/uploads\/sites\/3\/2024\/10\/hotelli-vastaanotto-1.jpg\" data-object-fit=\"cover\" srcset=\"https:\/\/www.kassiopeia.fi\/hotel-levi-panorama\/wp-content\/uploads\/sites\/3\/2024\/10\/hotelli-vastaanotto-1.jpg 2000w, https:\/\/www.kassiopeia.fi\/hotel-levi-panorama\/wp-content\/uploads\/sites\/3\/2024\/10\/hotelli-vastaanotto-1-300x169.jpg 300w, https:\/\/www.kassiopeia.fi\/hotel-levi-panorama\/wp-content\/uploads\/sites\/3\/2024\/10\/hotelli-vastaanotto-1-1024x576.jpg 1024w, https:\/\/www.kassiopeia.fi\/hotel-levi-panorama\/wp-content\/uploads\/sites\/3\/2024\/10\/hotelli-vastaanotto-1-768x432.jpg 768w, https:\/\/www.kassiopeia.fi\/hotel-levi-panorama\/wp-content\/uploads\/sites\/3\/2024\/10\/hotelli-vastaanotto-1-1536x864.jpg 1536w\" sizes=\"auto, (max-width: 2000px) 100vw, 2000px\" \/><span aria-hidden=\"true\" class=\"wp-block-cover__background has-black-background-color has-background-dim-0 has-background-dim\"><\/span><div class=\"wp-block-cover__inner-container is-layout-flow wp-container-core-cover-is-layout-6e17fc20 wp-block-cover-is-layout-flow\">\n<h1 class=\"wp-block-heading has-text-align-center\" id=\"h-\" style=\"font-size:70px\"><\/h1>\n\n\n\n<p><\/p>\n<\/div><\/div>\n\n\n\n<div class=\"breadcrumb-container\"><ul id=\"breadcrumbs\" class=\"breadcrumbs\"><li class=\"item-home\"><a class=\"bread-link bread-home\" href=\"https:\/\/www.kassiopeia.fi\/hotel-levi-panorama\" title=\"Hotel Levi Panorama\">Hotel Levi Panorama<\/a><\/li><li class=\"separator separator-home\"> \/ <\/li><\/ul><\/div>\n<style>\n    \n<\/style>\n\n\n<div class=\"wp-block-group alignfull is-layout-constrained wp-container-core-group-is-layout-244a2f0a wp-block-group-is-layout-constrained\" style=\"padding-top:var(--wp--preset--spacing--50);padding-right:var(--wp--preset--spacing--40);padding-bottom:var(--wp--preset--spacing--70);padding-left:var(--wp--preset--spacing--40)\">\n<div class=\"wp-block-group alignwide is-layout-constrained wp-container-core-group-is-layout-9517baca wp-block-group-is-layout-constrained\">\n<h1 class=\"wp-block-heading has-text-align-center\" id=\"h-miksi-varata-suoraan-hotel-levi-panoramasta\" style=\"margin-bottom:var(--wp--preset--spacing--60)\">Miksi varata suoraan Hotel LEvi Panoramasta?<\/h1>\n\n\n\n<p class=\"has-text-align-center has-large-font-size\">Varatessasi hotellihuoneen suoraan meilt\u00e4, joko nettisivuilta, puhelimitse tai s\u00e4hk\u00f6postitse, saat k\u00e4ytt\u00f6\u00f6si loistavia etuja!<\/p>\n<\/div>\n<\/div>\n\n\n\n<div class=\"wp-block-group alignfull is-layout-constrained wp-container-core-group-is-layout-1675f299 wp-block-group-is-layout-constrained\" style=\"padding-top:var(--wp--preset--spacing--50);padding-right:var(--wp--preset--spacing--40);padding-bottom:var(--wp--preset--spacing--60);padding-left:var(--wp--preset--spacing--40)\">\n<h3 class=\"wp-block-heading\" id=\"h-gondolihissin-liput-kuuluvat-huonehintaan\">Gondolihissin liput kuuluvat huonehintaan<\/h3>\n\n\n\n<p><a href=\"https:\/\/levipanorama.fi\/info\/#maisemahissi\">Gondolihissin<\/a>&nbsp;liput kuuluvat meilt\u00e4 suoraan varatun huoneen hintaan (gondolin ollessa avoinna). Poikkeuksena t\u00e4st\u00e4 voivat olla jotkin erikoistarjoukset tai tapahtumahinnat. N\u00e4et verkkosivuiltamme varattaessa aina mit\u00e4 hintaan kuuluu!<\/p>\n\n\n\n<h3 class=\"wp-block-heading\" id=\"h-sujuvampaa-asiointia\">Sujuvampaa asiointia<\/h3>\n\n\n\n<p>Varausten muokkaaminen ja muu asiointi on sujuvampaa ja helpompaa kun varaat hotellihuoneen suoraan meilt\u00e4. Jos varaat huoneen ulkopuoliselta online-matkatoimistolta, on mahdolliset muutokset hoidettava heid\u00e4n kanssaan. Meilt\u00e4 saat henkil\u00f6kohtaista ja nopeaa palvelua, ja meid\u00e4t saat aina puhelimitse kiinni!<\/p>\n\n\n\n<h3 class=\"wp-block-heading\" id=\"h-ei-piilokuluja\">Ei piilokuluja<\/h3>\n\n\n\n<p>Meilt\u00e4 varattu huonehinta sis\u00e4lt\u00e4\u00e4 aina verot, emmek\u00e4 veloita varaus- tai palvelumaksuja.<\/p>\n\n\n\n<h3 class=\"wp-block-heading\" id=\"h-huomioimme-erikoistoiveet-ensisijaisesti\">Huomioimme erikoistoiveet ensisijaisesti<\/h3>\n\n\n\n<p>Otamme kaikki erikoistoiveet huomioon, mutta huomioimme ensisijaisesti meilt\u00e4 suoraan varanneiden asiakkaiden toiveet.<\/p>\n<\/div>\n\n\n\n<div class=\"wp-block-group alignfull has-panorama-5-background-color has-background is-layout-constrained wp-container-core-group-is-layout-99c25d66 wp-block-group-is-layout-constrained\" style=\"padding-top:var(--wp--preset--spacing--70);padding-right:var(--wp--preset--spacing--40);padding-bottom:var(--wp--preset--spacing--70);padding-left:var(--wp--preset--spacing--50)\">\n<h2 class=\"wp-block-heading\" id=\"h-liity-star-memberiksi-nyt\">Liity Star Memberiksi nyt!<\/h2>\n\n\n\n<h3 class=\"wp-block-heading\" id=\"h-parhaita-tarjouksia\">Parhaita tarjouksia<\/h3>\n\n\n\n<p>Kanta-asiakasetumme<strong> -10 % p\u00e4iv\u00e4n majoitushinnasta<\/strong> saa ainoastaan varauksiin, jotka tehd\u00e4\u00e4n suoraan nettisivuiltamme. Jos varaat ulkopuoliselta online-matkatoimistolta, ei kanta-asiakasetua voi liitt\u00e4\u00e4 majoituksen hintaan.<\/p>\n\n\n\n<h3 class=\"wp-block-heading\" id=\"h-ilmainen-huoneluokan-korotus\">Ilmainen huoneluokan korotus<\/h3>\n\n\n\n<p>Tarjoamme ilmaisen huoneluokan korotuksen, yhden huoneluokan verran, suoraan meilt\u00e4 varattuihin hotellihuoneisiin (Star Member kanta-asiakkaille saatavuuden mukaan, ei koske huoneistoja). Kysy etua sis\u00e4\u00e4nkirjautumisen yhteydess\u00e4.<\/p>\n\n\n\n<h3 class=\"wp-block-heading\" id=\"h-mahdollisuus-myohaisempaan-uloskirjautumiseen\">Mahdollisuus my\u00f6h\u00e4isemp\u00e4\u00e4n uloskirjautumiseen<\/h3>\n\n\n\n<p>Tarjoamme my\u00f6h\u00e4isen uloskirjautumisen, klo 14, suoraan meilt\u00e4 varattuihin huoneisiin (Star Member kanta-asiakkaille mahdollisuuksien mukaan, ei koske huoneistoja).<\/p>\n\n\n\n<p><em>Star Member -edut eiv\u00e4t koske Levi Chalets -huoneistoja.<\/em><\/p>\n\n\n\n<div class=\"wp-block-buttons is-layout-flex wp-block-buttons-is-layout-flex\">\n<div class=\"wp-block-button\"><a class=\"wp-block-button__link wp-element-button\" href=\"https:\/\/www.kassiopeia.fi\/kassiopeia-star-member\/\" target=\"_blank\" rel=\"noreferrer noopener\">Liity ilmaiseksi Star Member kanta-asiakkaaksemme!<\/a><\/div>\n<\/div>\n<\/div>\n","protected":false},"excerpt":{"rendered":"<p>Miksi varata suoraan Hotel LEvi Panoramasta? Varatessasi hotellihuoneen suoraan meilt\u00e4, joko nettisivuilta, puhelimitse tai s\u00e4hk\u00f6postitse, saat k\u00e4ytt\u00f6\u00f6si loistavia etuja! Gondolihissin liput kuuluvat huonehintaan Gondolihissin&nbsp;liput kuuluvat meilt\u00e4 suoraan varatun huoneen hintaan (gondolin ollessa avoinna). Poikkeuksena t\u00e4st\u00e4 voivat olla jotkin erikoistarjoukset tai tapahtumahinnat. N\u00e4et verkkosivuiltamme varattaessa aina mit\u00e4 hintaan kuuluu! Sujuvampaa asiointia Varausten muokkaaminen ja muu asiointi [&hellip;]<\/p>\n","protected":false},"author":7,"featured_media":0,"parent":0,"menu_order":0,"comment_status":"closed","ping_status":"closed","template":"","meta":{"_acf_changed":false,"footnotes":""},"class_list":["post-1419","page","type-page","status-publish","hentry"],"acf":[],"yoast_head":"<!-- This site is optimized with the Yoast SEO Premium plugin v27.2 (Yoast SEO v27.2) - https:\/\/yoast.com\/product\/yoast-seo-premium-wordpress\/ -->\n<title>Miksi varata suoraan - Hotel Levi Panorama<\/title>\n<meta name=\"description\" content=\"Varatessasi hotellihuoneen suoraan Hotel Levi Panoramasta saat k\u00e4ytt\u00f6\u00f6si loistavia etuja! Lue lis\u00e4\u00e4 sivuiltamme.\" \/>\n<meta name=\"robots\" content=\"index, follow, max-snippet:-1, max-image-preview:large, max-video-preview:-1\" \/>\n<link rel=\"canonical\" href=\"https:\/\/www.kassiopeia.fi\/hotel-levi-panorama\/miksi-varata-suoraan\/\" \/>\n<meta property=\"og:locale\" content=\"en_US\" \/>\n<meta property=\"og:type\" content=\"article\" \/>\n<meta property=\"og:title\" content=\"Miksi varata suoraan\" \/>\n<meta property=\"og:description\" content=\"Varatessasi hotellihuoneen suoraan Hotel Levi Panoramasta saat k\u00e4ytt\u00f6\u00f6si loistavia etuja! Lue lis\u00e4\u00e4 sivuiltamme.\" \/>\n<meta property=\"og:url\" content=\"https:\/\/www.kassiopeia.fi\/hotel-levi-panorama\/miksi-varata-suoraan\/\" \/>\n<meta property=\"og:site_name\" content=\"Hotel Levi Panorama\" \/>\n<meta property=\"article:modified_time\" content=\"2025-09-03T07:13:00+00:00\" \/>\n<meta property=\"og:image\" content=\"https:\/\/www.kassiopeia.fi\/hotel-levi-panorama\/wp-content\/uploads\/sites\/3\/2024\/10\/hotelli-vastaanotto-1.jpg\" \/>\n\t<meta property=\"og:image:width\" content=\"2000\" \/>\n\t<meta property=\"og:image:height\" content=\"1125\" \/>\n\t<meta property=\"og:image:type\" content=\"image\/jpeg\" \/>\n<meta name=\"twitter:card\" content=\"summary_large_image\" \/>\n<meta name=\"twitter:label1\" content=\"Est. reading time\" \/>\n\t<meta name=\"twitter:data1\" content=\"2 minutes\" \/>\n<script type=\"application\/ld+json\" class=\"yoast-schema-graph\">{\"@context\":\"https:\/\/schema.org\",\"@graph\":[{\"@type\":\"WebPage\",\"@id\":\"https:\/\/www.kassiopeia.fi\/hotel-levi-panorama\/miksi-varata-suoraan\/\",\"url\":\"https:\/\/www.kassiopeia.fi\/hotel-levi-panorama\/miksi-varata-suoraan\/\",\"name\":\"Miksi varata suoraan - Hotel Levi Panorama\",\"isPartOf\":{\"@id\":\"https:\/\/www.kassiopeia.fi\/hotel-levi-panorama\/#website\"},\"primaryImageOfPage\":{\"@id\":\"https:\/\/www.kassiopeia.fi\/hotel-levi-panorama\/miksi-varata-suoraan\/#primaryimage\"},\"image\":{\"@id\":\"https:\/\/www.kassiopeia.fi\/hotel-levi-panorama\/miksi-varata-suoraan\/#primaryimage\"},\"thumbnailUrl\":\"https:\/\/www.kassiopeia.fi\/hotel-levi-panorama\/wp-content\/uploads\/sites\/3\/2024\/10\/hotelli-vastaanotto-1.jpg\",\"datePublished\":\"2024-10-22T06:11:58+00:00\",\"dateModified\":\"2025-09-03T07:13:00+00:00\",\"description\":\"Varatessasi hotellihuoneen suoraan Hotel Levi Panoramasta saat k\u00e4ytt\u00f6\u00f6si loistavia etuja! Lue lis\u00e4\u00e4 sivuiltamme.\",\"breadcrumb\":{\"@id\":\"https:\/\/www.kassiopeia.fi\/hotel-levi-panorama\/miksi-varata-suoraan\/#breadcrumb\"},\"inLanguage\":\"en-US\",\"potentialAction\":[{\"@type\":\"ReadAction\",\"target\":[\"https:\/\/www.kassiopeia.fi\/hotel-levi-panorama\/miksi-varata-suoraan\/\"]}]},{\"@type\":\"ImageObject\",\"inLanguage\":\"en-US\",\"@id\":\"https:\/\/www.kassiopeia.fi\/hotel-levi-panorama\/miksi-varata-suoraan\/#primaryimage\",\"url\":\"https:\/\/www.kassiopeia.fi\/hotel-levi-panorama\/wp-content\/uploads\/sites\/3\/2024\/10\/hotelli-vastaanotto-1.jpg\",\"contentUrl\":\"https:\/\/www.kassiopeia.fi\/hotel-levi-panorama\/wp-content\/uploads\/sites\/3\/2024\/10\/hotelli-vastaanotto-1.jpg\",\"width\":2000,\"height\":1125,\"caption\":\"Hotel Levi Panoraman vastaanotto\"},{\"@type\":\"BreadcrumbList\",\"@id\":\"https:\/\/www.kassiopeia.fi\/hotel-levi-panorama\/miksi-varata-suoraan\/#breadcrumb\",\"itemListElement\":[{\"@type\":\"ListItem\",\"position\":1,\"name\":\"Home\",\"item\":\"https:\/\/www.kassiopeia.fi\/hotel-levi-panorama\/\"},{\"@type\":\"ListItem\",\"position\":2,\"name\":\"Miksi varata suoraan\"}]},{\"@type\":\"WebSite\",\"@id\":\"https:\/\/www.kassiopeia.fi\/hotel-levi-panorama\/#website\",\"url\":\"https:\/\/www.kassiopeia.fi\/hotel-levi-panorama\/\",\"name\":\"Hotel Levi Panorama\",\"description\":\"\",\"potentialAction\":[{\"@type\":\"SearchAction\",\"target\":{\"@type\":\"EntryPoint\",\"urlTemplate\":\"https:\/\/www.kassiopeia.fi\/hotel-levi-panorama\/?s={search_term_string}\"},\"query-input\":{\"@type\":\"PropertyValueSpecification\",\"valueRequired\":true,\"valueName\":\"search_term_string\"}}],\"inLanguage\":\"en-US\"}]}<\/script>\n<!-- \/ Yoast SEO Premium plugin. -->","yoast_head_json":{"title":"Miksi varata suoraan - Hotel Levi Panorama","description":"Varatessasi hotellihuoneen suoraan Hotel Levi Panoramasta saat k\u00e4ytt\u00f6\u00f6si loistavia etuja! Lue lis\u00e4\u00e4 sivuiltamme.","robots":{"index":"index","follow":"follow","max-snippet":"max-snippet:-1","max-image-preview":"max-image-preview:large","max-video-preview":"max-video-preview:-1"},"canonical":"https:\/\/www.kassiopeia.fi\/hotel-levi-panorama\/miksi-varata-suoraan\/","og_locale":"en_US","og_type":"article","og_title":"Miksi varata suoraan","og_description":"Varatessasi hotellihuoneen suoraan Hotel Levi Panoramasta saat k\u00e4ytt\u00f6\u00f6si loistavia etuja! Lue lis\u00e4\u00e4 sivuiltamme.","og_url":"https:\/\/www.kassiopeia.fi\/hotel-levi-panorama\/miksi-varata-suoraan\/","og_site_name":"Hotel Levi Panorama","article_modified_time":"2025-09-03T07:13:00+00:00","og_image":[{"width":2000,"height":1125,"url":"https:\/\/www.kassiopeia.fi\/hotel-levi-panorama\/wp-content\/uploads\/sites\/3\/2024\/10\/hotelli-vastaanotto-1.jpg","type":"image\/jpeg"}],"twitter_card":"summary_large_image","twitter_misc":{"Est. reading time":"2 minutes"},"schema":{"@context":"https:\/\/schema.org","@graph":[{"@type":"WebPage","@id":"https:\/\/www.kassiopeia.fi\/hotel-levi-panorama\/miksi-varata-suoraan\/","url":"https:\/\/www.kassiopeia.fi\/hotel-levi-panorama\/miksi-varata-suoraan\/","name":"Miksi varata suoraan - Hotel Levi Panorama","isPartOf":{"@id":"https:\/\/www.kassiopeia.fi\/hotel-levi-panorama\/#website"},"primaryImageOfPage":{"@id":"https:\/\/www.kassiopeia.fi\/hotel-levi-panorama\/miksi-varata-suoraan\/#primaryimage"},"image":{"@id":"https:\/\/www.kassiopeia.fi\/hotel-levi-panorama\/miksi-varata-suoraan\/#primaryimage"},"thumbnailUrl":"https:\/\/www.kassiopeia.fi\/hotel-levi-panorama\/wp-content\/uploads\/sites\/3\/2024\/10\/hotelli-vastaanotto-1.jpg","datePublished":"2024-10-22T06:11:58+00:00","dateModified":"2025-09-03T07:13:00+00:00","description":"Varatessasi hotellihuoneen suoraan Hotel Levi Panoramasta saat k\u00e4ytt\u00f6\u00f6si loistavia etuja! Lue lis\u00e4\u00e4 sivuiltamme.","breadcrumb":{"@id":"https:\/\/www.kassiopeia.fi\/hotel-levi-panorama\/miksi-varata-suoraan\/#breadcrumb"},"inLanguage":"en-US","potentialAction":[{"@type":"ReadAction","target":["https:\/\/www.kassiopeia.fi\/hotel-levi-panorama\/miksi-varata-suoraan\/"]}]},{"@type":"ImageObject","inLanguage":"en-US","@id":"https:\/\/www.kassiopeia.fi\/hotel-levi-panorama\/miksi-varata-suoraan\/#primaryimage","url":"https:\/\/www.kassiopeia.fi\/hotel-levi-panorama\/wp-content\/uploads\/sites\/3\/2024\/10\/hotelli-vastaanotto-1.jpg","contentUrl":"https:\/\/www.kassiopeia.fi\/hotel-levi-panorama\/wp-content\/uploads\/sites\/3\/2024\/10\/hotelli-vastaanotto-1.jpg","width":2000,"height":1125,"caption":"Hotel Levi Panoraman vastaanotto"},{"@type":"BreadcrumbList","@id":"https:\/\/www.kassiopeia.fi\/hotel-levi-panorama\/miksi-varata-suoraan\/#breadcrumb","itemListElement":[{"@type":"ListItem","position":1,"name":"Home","item":"https:\/\/www.kassiopeia.fi\/hotel-levi-panorama\/"},{"@type":"ListItem","position":2,"name":"Miksi varata suoraan"}]},{"@type":"WebSite","@id":"https:\/\/www.kassiopeia.fi\/hotel-levi-panorama\/#website","url":"https:\/\/www.kassiopeia.fi\/hotel-levi-panorama\/","name":"Hotel Levi Panorama","description":"","potentialAction":[{"@type":"SearchAction","target":{"@type":"EntryPoint","urlTemplate":"https:\/\/www.kassiopeia.fi\/hotel-levi-panorama\/?s={search_term_string}"},"query-input":{"@type":"PropertyValueSpecification","valueRequired":true,"valueName":"search_term_string"}}],"inLanguage":"en-US"}]}},"lang":"fi","translations":{"fi":1419,"en":1434},"pll_sync_post":[],"_links":{"self":[{"href":"https:\/\/www.kassiopeia.fi\/hotel-levi-panorama\/wp-json\/wp\/v2\/pages\/1419","targetHints":{"allow":["GET"]}}],"collection":[{"href":"https:\/\/www.kassiopeia.fi\/hotel-levi-panorama\/wp-json\/wp\/v2\/pages"}],"about":[{"href":"https:\/\/www.kassiopeia.fi\/hotel-levi-panorama\/wp-json\/wp\/v2\/types\/page"}],"author":[{"embeddable":true,"href":"https:\/\/www.kassiopeia.fi\/hotel-levi-panorama\/wp-json\/wp\/v2\/users\/7"}],"replies":[{"embeddable":true,"href":"https:\/\/www.kassiopeia.fi\/hotel-levi-panorama\/wp-json\/wp\/v2\/comments?post=1419"}],"version-history":[{"count":19,"href":"https:\/\/www.kassiopeia.fi\/hotel-levi-panorama\/wp-json\/wp\/v2\/pages\/1419\/revisions"}],"predecessor-version":[{"id":5827,"href":"https:\/\/www.kassiopeia.fi\/hotel-levi-panorama\/wp-json\/wp\/v2\/pages\/1419\/revisions\/5827"}],"wp:attachment":[{"href":"https:\/\/www.kassiopeia.fi\/hotel-levi-panorama\/wp-json\/wp\/v2\/media?parent=1419"}],"curies":[{"name":"wp","href":"https:\/\/api.w.org\/{rel}","templated":true}]}}