{"id":1068,"date":"2024-11-01T11:13:58","date_gmt":"2024-11-01T11:13:58","guid":{"rendered":"https:\/\/www.kassiopeia.fi\/hotel-k5-levi\/?page_id=1068"},"modified":"2025-07-29T11:57:18","modified_gmt":"2025-07-29T11:57:18","slug":"kierratys","status":"publish","type":"page","link":"https:\/\/www.kassiopeia.fi\/hotel-k5-levi\/hotelli-info\/kierratys\/","title":{"rendered":"Hotelli-info Kierr\u00e4tys"},"content":{"rendered":"\n<div class=\"wp-block-cover alignfull is-light cover-hero wp-duotone-unset-1\" style=\"margin-top:0px;margin-bottom:0px;padding-top:0px;padding-right:0px;padding-bottom:0px;padding-left:0px;min-height:30vw;aspect-ratio:unset;\"><img loading=\"lazy\" decoding=\"async\" width=\"2000\" height=\"1500\" class=\"wp-block-cover__image-background wp-image-28\" alt=\"\" src=\"https:\/\/www.kassiopeia.fi\/hotel-k5-levi\/wp-content\/uploads\/sites\/4\/2024\/10\/Hotel-K5-Levi_hero.jpg\" style=\"object-position:50% 65%\" data-object-fit=\"cover\" data-object-position=\"50% 65%\" srcset=\"https:\/\/www.kassiopeia.fi\/hotel-k5-levi\/wp-content\/uploads\/sites\/4\/2024\/10\/Hotel-K5-Levi_hero.jpg 2000w, https:\/\/www.kassiopeia.fi\/hotel-k5-levi\/wp-content\/uploads\/sites\/4\/2024\/10\/Hotel-K5-Levi_hero-300x225.jpg 300w, https:\/\/www.kassiopeia.fi\/hotel-k5-levi\/wp-content\/uploads\/sites\/4\/2024\/10\/Hotel-K5-Levi_hero-1024x768.jpg 1024w, https:\/\/www.kassiopeia.fi\/hotel-k5-levi\/wp-content\/uploads\/sites\/4\/2024\/10\/Hotel-K5-Levi_hero-768x576.jpg 768w, https:\/\/www.kassiopeia.fi\/hotel-k5-levi\/wp-content\/uploads\/sites\/4\/2024\/10\/Hotel-K5-Levi_hero-1536x1152.jpg 1536w\" sizes=\"auto, (max-width: 2000px) 100vw, 2000px\" \/><span aria-hidden=\"true\" class=\"wp-block-cover__background has-black-background-color has-background-dim-0 has-background-dim\"><\/span><div class=\"wp-block-cover__inner-container is-layout-flow wp-container-core-cover-is-layout-6e17fc20 wp-block-cover-is-layout-flow\">\n<h1 class=\"wp-block-heading has-text-align-center\" id=\"h-\" style=\"font-size:70px\"><\/h1>\n\n\n\n<p><\/p>\n<\/div><\/div>\n\n\n\n<div class=\"wp-block-group alignfull has-k-5-levi-9-background-color has-background is-layout-constrained wp-container-core-group-is-layout-35abefa8 wp-block-group-is-layout-constrained\" style=\"margin-top:0;margin-bottom:0;padding-top:var(--wp--preset--spacing--40);padding-right:var(--wp--preset--spacing--40);padding-bottom:0;padding-left:var(--wp--preset--spacing--40)\">\n<p class=\"link-blank has-text-color has-link-color has-small-font-size wp-elements-f123bb864e92ecf957e1529526ffd6d1\" style=\"color:#929292\"><a href=\"https:\/\/www.kassiopeia.fi\/hotel-k5-levi\/hotelli-info\/\">Hotelli-info<\/a> \/ Kierr\u00e4tys<\/p>\n<\/div>\n\n\n\n<div class=\"wp-block-group alignfull has-k-5-levi-9-background-color has-background is-layout-constrained wp-container-core-group-is-layout-0c9c989a wp-block-group-is-layout-constrained\" style=\"margin-top:0;margin-bottom:0;padding-top:var(--wp--preset--spacing--70);padding-right:var(--wp--preset--spacing--40);padding-bottom:var(--wp--preset--spacing--70);padding-left:var(--wp--preset--spacing--40)\">\n<h2 class=\"wp-block-heading has-blue-color has-text-color has-link-color wp-elements-55b3b38bd2571a0afcde7c4df7c353d8\" id=\"h-kierratys\">Kierr\u00e4tys<\/h2>\n\n\n\n<div class=\"wp-block-media-text alignwide has-media-on-the-right is-stacked-on-mobile is-vertically-aligned-center is-image-fill-element\" style=\"margin-top:var(--wp--preset--spacing--60);margin-bottom:var(--wp--preset--spacing--60)\"><div class=\"wp-block-media-text__content\">\n<div style=\"height:22px\" aria-hidden=\"true\" class=\"wp-block-spacer\"><\/div>\n\n\n\n<p>Huoneissamme on roskien lajittelumahdollisuuas ja pyyd\u00e4mme lajittelemaan j\u00e4tteet asianmukaisesti.<\/p>\n\n\n\n<div style=\"height:40px\" aria-hidden=\"true\" class=\"wp-block-spacer\"><\/div>\n<\/div><figure class=\"wp-block-media-text__media\"><img loading=\"lazy\" decoding=\"async\" width=\"1024\" height=\"683\" src=\"https:\/\/www.kassiopeia.fi\/hotel-k5-levi\/wp-content\/uploads\/sites\/4\/2024\/11\/kierrattaminen_kassiopeia-1024x683.jpg\" alt=\"\" class=\"wp-image-1070 size-full\" style=\"object-position:50% 50%\" srcset=\"https:\/\/www.kassiopeia.fi\/hotel-k5-levi\/wp-content\/uploads\/sites\/4\/2024\/11\/kierrattaminen_kassiopeia-1024x683.jpg 1024w, https:\/\/www.kassiopeia.fi\/hotel-k5-levi\/wp-content\/uploads\/sites\/4\/2024\/11\/kierrattaminen_kassiopeia-300x200.jpg 300w, https:\/\/www.kassiopeia.fi\/hotel-k5-levi\/wp-content\/uploads\/sites\/4\/2024\/11\/kierrattaminen_kassiopeia-768x512.jpg 768w, https:\/\/www.kassiopeia.fi\/hotel-k5-levi\/wp-content\/uploads\/sites\/4\/2024\/11\/kierrattaminen_kassiopeia.jpg 1500w\" sizes=\"auto, (max-width: 1024px) 100vw, 1024px\" \/><\/figure><\/div>\n\n\n\n<div class=\"wp-block-group alignfull has-general-1-background-color has-background is-layout-constrained wp-container-core-group-is-layout-232c5566 wp-block-group-is-layout-constrained\" style=\"padding-top:var(--wp--preset--spacing--70);padding-right:var(--wp--preset--spacing--40);padding-bottom:var(--wp--preset--spacing--70);padding-left:var(--wp--preset--spacing--40)\">\n<div class=\"wp-block-columns is-layout-flex wp-container-core-columns-is-layout-28f84493 wp-block-columns-is-layout-flex\">\n<div class=\"wp-block-column is-layout-flow wp-block-column-is-layout-flow\">\n<figure class=\"wp-block-image size-full\"><img loading=\"lazy\" decoding=\"async\" width=\"99\" height=\"110\" src=\"https:\/\/www.kassiopeia.fi\/hotel-k5-levi\/wp-content\/uploads\/sites\/4\/2024\/11\/vihrea_kierratys.jpg\" alt=\"Vihre\u00e4 j\u00e4tepussi.\" class=\"wp-image-1072\"\/><\/figure>\n\n\n\n<p><strong>Hotel K5 Levi: <\/strong>Vihre\u00e4\u00e4n pussiin bioj\u00e4te (ruuan t\u00e4hteet, hedelm\u00e4n kuoret, biohajoavat astiat ja ruokailuv\u00e4lineet).<\/p>\n\n\n\n<p><em><strong>K5 Villas: <\/strong>Keitti\u00f6n vihre\u00e4\u00e4n pussiin bioj\u00e4te (Ruuan t\u00e4hteet, kuoret, biohajoavat astiat ja ruokailuv\u00e4lineet).<\/em><\/p>\n\n\n\n<figure class=\"wp-block-image size-full\"><img loading=\"lazy\" decoding=\"async\" width=\"102\" height=\"112\" src=\"https:\/\/www.kassiopeia.fi\/hotel-k5-levi\/wp-content\/uploads\/sites\/4\/2024\/11\/keltainen_kierratys.jpg\" alt=\"Keltainen j\u00e4tepussi.\" class=\"wp-image-1077\"\/><\/figure>\n\n\n\n<p><strong>Hotel K5 Levi: <\/strong>Keltaiseen lokeroon kierr\u00e4tett\u00e4v\u00e4 muovi (muovipakkaukset ja -k\u00e4\u00e4reet, tuubit ym.).<\/p>\n\n\n\n<p><em><strong>K5 Villas:<\/strong> Keitti\u00f6n valkoiseen astiaan kierr\u00e4tysmuovi (Muovipakkaukset ja -k\u00e4\u00e4reet, tuubit ym.)<\/em><\/p>\n\n\n\n<figure class=\"wp-block-image size-full\"><img loading=\"lazy\" decoding=\"async\" width=\"102\" height=\"111\" src=\"https:\/\/www.kassiopeia.fi\/hotel-k5-levi\/wp-content\/uploads\/sites\/4\/2024\/11\/musta_kierratys.jpg\" alt=\"Musta j\u00e4tepussi.\" class=\"wp-image-1076\"\/><\/figure>\n\n\n\n<p><strong>Hotel K5 Levi: <\/strong>Mustaan pussiin muut lajittelemattomat j\u00e4tteet (sekaj\u00e4te). Roskakorit sekaj\u00e4tteelle l\u00f6ytyv\u00e4t kylpyhuoneesta, makuhuoneesta ja olohuoneesta.<\/p>\n\n\n\n<p><em><strong>K5 Villas:<\/strong> Keitti\u00f6n mustaan pussiin muut lajittelemattomat j\u00e4tteet (Sekaj\u00e4te). Muut roskakorit sekaj\u00e4tteelle l\u00f6ytyv\u00e4t wc- ja kylpyhuoneesta.<\/em><\/p>\n<\/div>\n\n\n\n<div class=\"wp-block-column is-layout-flow wp-block-column-is-layout-flow\">\n<figure class=\"wp-block-image size-full\"><img loading=\"lazy\" decoding=\"async\" width=\"118\" height=\"96\" src=\"https:\/\/www.kassiopeia.fi\/hotel-k5-levi\/wp-content\/uploads\/sites\/4\/2024\/11\/sanomalehti_kierratys.jpg\" alt=\"\" class=\"wp-image-1075\"\/><\/figure>\n\n\n\n<p>Sanomalehdet ja muut paperij\u00e4tteen voi j\u00e4tt\u00e4\u00e4 ty\u00f6p\u00f6yd\u00e4lle.<\/p>\n\n\n\n<figure class=\"wp-block-image size-full\"><img loading=\"lazy\" decoding=\"async\" width=\"114\" height=\"105\" src=\"https:\/\/www.kassiopeia.fi\/hotel-k5-levi\/wp-content\/uploads\/sites\/4\/2024\/11\/tolkki_kierratys.jpg\" alt=\"\" class=\"wp-image-1074\"\/><\/figure>\n\n\n\n<p>Tyhj\u00e4t pullot ja t\u00f6lkit voi j\u00e4tt\u00e4\u00e4 lattialle roskakorin viereen.<\/p>\n\n\n\n<figure class=\"wp-block-image size-full is-resized\"><img loading=\"lazy\" decoding=\"async\" width=\"300\" height=\"250\" src=\"https:\/\/www.kassiopeia.fi\/hotel-k5-levi\/wp-content\/uploads\/sites\/4\/2024\/11\/Nayttokuva-2024-02-20-164707-300x250-1.png\" alt=\"\" class=\"wp-image-1073\" style=\"width:115px\"\/><\/figure>\n\n\n\n<p><em>K5 Villas: Hotellin vierest\u00e4 l\u00f6ytyy roskakatos. Muut j\u00e4telajit voi halutessaan tuoda hotellin vastaanottoon kierr\u00e4tett\u00e4v\u00e4ksi.<\/em><\/p>\n<\/div>\n<\/div>\n<\/div>\n<\/div>\n","protected":false},"excerpt":{"rendered":"<p>Hotelli-info \/ Kierr\u00e4tys Kierr\u00e4tys Huoneissamme on roskien lajittelumahdollisuuas ja pyyd\u00e4mme lajittelemaan j\u00e4tteet asianmukaisesti. Hotel K5 Levi: Vihre\u00e4\u00e4n pussiin bioj\u00e4te (ruuan t\u00e4hteet, hedelm\u00e4n kuoret, biohajoavat astiat ja ruokailuv\u00e4lineet). K5 Villas: Keitti\u00f6n vihre\u00e4\u00e4n pussiin bioj\u00e4te (Ruuan t\u00e4hteet, kuoret, biohajoavat astiat ja ruokailuv\u00e4lineet). Hotel K5 Levi: Keltaiseen lokeroon kierr\u00e4tett\u00e4v\u00e4 muovi (muovipakkaukset ja -k\u00e4\u00e4reet, tuubit ym.). K5 Villas: Keitti\u00f6n [&hellip;]<\/p>\n","protected":false},"author":7,"featured_media":0,"parent":884,"menu_order":0,"comment_status":"closed","ping_status":"closed","template":"blank","meta":{"_acf_changed":false,"footnotes":""},"class_list":["post-1068","page","type-page","status-publish","hentry"],"acf":[],"yoast_head":"<!-- This site is optimized with the Yoast SEO Premium plugin v27.2 (Yoast SEO v27.2) - https:\/\/yoast.com\/product\/yoast-seo-premium-wordpress\/ -->\n<title>Hotelli-info Kierr\u00e4tys - Hotel K5 Levi<\/title>\n<meta name=\"robots\" content=\"index, follow, max-snippet:-1, max-image-preview:large, max-video-preview:-1\" \/>\n<link rel=\"canonical\" href=\"https:\/\/www.kassiopeia.fi\/hotel-k5-levi\/hotelli-info\/kierratys\/\" \/>\n<meta property=\"og:locale\" content=\"en_US\" \/>\n<meta property=\"og:type\" content=\"article\" \/>\n<meta property=\"og:title\" content=\"Hotelli-info Kierr\u00e4tys\" \/>\n<meta property=\"og:description\" content=\"Hotelli-info \/ Kierr\u00e4tys Kierr\u00e4tys Huoneissamme on roskien lajittelumahdollisuuas ja pyyd\u00e4mme lajittelemaan j\u00e4tteet asianmukaisesti. Hotel K5 Levi: Vihre\u00e4\u00e4n pussiin bioj\u00e4te (ruuan t\u00e4hteet, hedelm\u00e4n kuoret, biohajoavat astiat ja ruokailuv\u00e4lineet). K5 Villas: Keitti\u00f6n vihre\u00e4\u00e4n pussiin bioj\u00e4te (Ruuan t\u00e4hteet, kuoret, biohajoavat astiat ja ruokailuv\u00e4lineet). Hotel K5 Levi: Keltaiseen lokeroon kierr\u00e4tett\u00e4v\u00e4 muovi (muovipakkaukset ja -k\u00e4\u00e4reet, tuubit ym.). K5 Villas: Keitti\u00f6n [&hellip;]\" \/>\n<meta property=\"og:url\" content=\"https:\/\/www.kassiopeia.fi\/hotel-k5-levi\/hotelli-info\/kierratys\/\" \/>\n<meta property=\"og:site_name\" content=\"Hotel K5 Levi\" \/>\n<meta property=\"article:modified_time\" content=\"2025-07-29T11:57:18+00:00\" \/>\n<meta property=\"og:image\" content=\"https:\/\/www.kassiopeia.fi\/hotel-k5-levi\/wp-content\/uploads\/sites\/4\/2024\/10\/Hotel-K5-Levi_hero.jpg\" \/>\n\t<meta property=\"og:image:width\" content=\"2000\" \/>\n\t<meta property=\"og:image:height\" content=\"1500\" \/>\n\t<meta property=\"og:image:type\" content=\"image\/jpeg\" \/>\n<meta name=\"twitter:card\" content=\"summary_large_image\" \/>\n<meta name=\"twitter:label1\" content=\"Est. reading time\" \/>\n\t<meta name=\"twitter:data1\" content=\"3 minutes\" \/>\n<script type=\"application\/ld+json\" class=\"yoast-schema-graph\">{\"@context\":\"https:\/\/schema.org\",\"@graph\":[{\"@type\":\"WebPage\",\"@id\":\"https:\/\/www.kassiopeia.fi\/hotel-k5-levi\/hotelli-info\/kierratys\/\",\"url\":\"https:\/\/www.kassiopeia.fi\/hotel-k5-levi\/hotelli-info\/kierratys\/\",\"name\":\"Hotelli-info Kierr\u00e4tys - Hotel K5 Levi\",\"isPartOf\":{\"@id\":\"https:\/\/www.kassiopeia.fi\/hotel-k5-levi\/#website\"},\"primaryImageOfPage\":{\"@id\":\"https:\/\/www.kassiopeia.fi\/hotel-k5-levi\/hotelli-info\/kierratys\/#primaryimage\"},\"image\":{\"@id\":\"https:\/\/www.kassiopeia.fi\/hotel-k5-levi\/hotelli-info\/kierratys\/#primaryimage\"},\"thumbnailUrl\":\"https:\/\/www.kassiopeia.fi\/hotel-k5-levi\/wp-content\/uploads\/sites\/4\/2024\/10\/Hotel-K5-Levi_hero.jpg\",\"datePublished\":\"2024-11-01T11:13:58+00:00\",\"dateModified\":\"2025-07-29T11:57:18+00:00\",\"breadcrumb\":{\"@id\":\"https:\/\/www.kassiopeia.fi\/hotel-k5-levi\/hotelli-info\/kierratys\/#breadcrumb\"},\"inLanguage\":\"en-US\",\"potentialAction\":[{\"@type\":\"ReadAction\",\"target\":[\"https:\/\/www.kassiopeia.fi\/hotel-k5-levi\/hotelli-info\/kierratys\/\"]}]},{\"@type\":\"ImageObject\",\"inLanguage\":\"en-US\",\"@id\":\"https:\/\/www.kassiopeia.fi\/hotel-k5-levi\/hotelli-info\/kierratys\/#primaryimage\",\"url\":\"https:\/\/www.kassiopeia.fi\/hotel-k5-levi\/wp-content\/uploads\/sites\/4\/2024\/10\/Hotel-K5-Levi_hero.jpg\",\"contentUrl\":\"https:\/\/www.kassiopeia.fi\/hotel-k5-levi\/wp-content\/uploads\/sites\/4\/2024\/10\/Hotel-K5-Levi_hero.jpg\",\"width\":2000,\"height\":1500,\"caption\":\"Hotel K5 Levi ulkoa talvella.\"},{\"@type\":\"BreadcrumbList\",\"@id\":\"https:\/\/www.kassiopeia.fi\/hotel-k5-levi\/hotelli-info\/kierratys\/#breadcrumb\",\"itemListElement\":[{\"@type\":\"ListItem\",\"position\":1,\"name\":\"Home\",\"item\":\"https:\/\/www.kassiopeia.fi\/hotel-k5-levi\/\"},{\"@type\":\"ListItem\",\"position\":2,\"name\":\"Hotelli-info\",\"item\":\"https:\/\/www.kassiopeia.fi\/hotel-k5-levi\/hotelli-info\/\"},{\"@type\":\"ListItem\",\"position\":3,\"name\":\"Hotelli-info Kierr\u00e4tys\"}]},{\"@type\":\"WebSite\",\"@id\":\"https:\/\/www.kassiopeia.fi\/hotel-k5-levi\/#website\",\"url\":\"https:\/\/www.kassiopeia.fi\/hotel-k5-levi\/\",\"name\":\"Hotel K5 Levi\",\"description\":\"\",\"potentialAction\":[{\"@type\":\"SearchAction\",\"target\":{\"@type\":\"EntryPoint\",\"urlTemplate\":\"https:\/\/www.kassiopeia.fi\/hotel-k5-levi\/?s={search_term_string}\"},\"query-input\":{\"@type\":\"PropertyValueSpecification\",\"valueRequired\":true,\"valueName\":\"search_term_string\"}}],\"inLanguage\":\"en-US\"}]}<\/script>\n<!-- \/ Yoast SEO Premium plugin. -->","yoast_head_json":{"title":"Hotelli-info Kierr\u00e4tys - Hotel K5 Levi","robots":{"index":"index","follow":"follow","max-snippet":"max-snippet:-1","max-image-preview":"max-image-preview:large","max-video-preview":"max-video-preview:-1"},"canonical":"https:\/\/www.kassiopeia.fi\/hotel-k5-levi\/hotelli-info\/kierratys\/","og_locale":"en_US","og_type":"article","og_title":"Hotelli-info Kierr\u00e4tys","og_description":"Hotelli-info \/ Kierr\u00e4tys Kierr\u00e4tys Huoneissamme on roskien lajittelumahdollisuuas ja pyyd\u00e4mme lajittelemaan j\u00e4tteet asianmukaisesti. Hotel K5 Levi: Vihre\u00e4\u00e4n pussiin bioj\u00e4te (ruuan t\u00e4hteet, hedelm\u00e4n kuoret, biohajoavat astiat ja ruokailuv\u00e4lineet). K5 Villas: Keitti\u00f6n vihre\u00e4\u00e4n pussiin bioj\u00e4te (Ruuan t\u00e4hteet, kuoret, biohajoavat astiat ja ruokailuv\u00e4lineet). Hotel K5 Levi: Keltaiseen lokeroon kierr\u00e4tett\u00e4v\u00e4 muovi (muovipakkaukset ja -k\u00e4\u00e4reet, tuubit ym.). K5 Villas: Keitti\u00f6n [&hellip;]","og_url":"https:\/\/www.kassiopeia.fi\/hotel-k5-levi\/hotelli-info\/kierratys\/","og_site_name":"Hotel K5 Levi","article_modified_time":"2025-07-29T11:57:18+00:00","og_image":[{"width":2000,"height":1500,"url":"https:\/\/www.kassiopeia.fi\/hotel-k5-levi\/wp-content\/uploads\/sites\/4\/2024\/10\/Hotel-K5-Levi_hero.jpg","type":"image\/jpeg"}],"twitter_card":"summary_large_image","twitter_misc":{"Est. reading time":"3 minutes"},"schema":{"@context":"https:\/\/schema.org","@graph":[{"@type":"WebPage","@id":"https:\/\/www.kassiopeia.fi\/hotel-k5-levi\/hotelli-info\/kierratys\/","url":"https:\/\/www.kassiopeia.fi\/hotel-k5-levi\/hotelli-info\/kierratys\/","name":"Hotelli-info Kierr\u00e4tys - Hotel K5 Levi","isPartOf":{"@id":"https:\/\/www.kassiopeia.fi\/hotel-k5-levi\/#website"},"primaryImageOfPage":{"@id":"https:\/\/www.kassiopeia.fi\/hotel-k5-levi\/hotelli-info\/kierratys\/#primaryimage"},"image":{"@id":"https:\/\/www.kassiopeia.fi\/hotel-k5-levi\/hotelli-info\/kierratys\/#primaryimage"},"thumbnailUrl":"https:\/\/www.kassiopeia.fi\/hotel-k5-levi\/wp-content\/uploads\/sites\/4\/2024\/10\/Hotel-K5-Levi_hero.jpg","datePublished":"2024-11-01T11:13:58+00:00","dateModified":"2025-07-29T11:57:18+00:00","breadcrumb":{"@id":"https:\/\/www.kassiopeia.fi\/hotel-k5-levi\/hotelli-info\/kierratys\/#breadcrumb"},"inLanguage":"en-US","potentialAction":[{"@type":"ReadAction","target":["https:\/\/www.kassiopeia.fi\/hotel-k5-levi\/hotelli-info\/kierratys\/"]}]},{"@type":"ImageObject","inLanguage":"en-US","@id":"https:\/\/www.kassiopeia.fi\/hotel-k5-levi\/hotelli-info\/kierratys\/#primaryimage","url":"https:\/\/www.kassiopeia.fi\/hotel-k5-levi\/wp-content\/uploads\/sites\/4\/2024\/10\/Hotel-K5-Levi_hero.jpg","contentUrl":"https:\/\/www.kassiopeia.fi\/hotel-k5-levi\/wp-content\/uploads\/sites\/4\/2024\/10\/Hotel-K5-Levi_hero.jpg","width":2000,"height":1500,"caption":"Hotel K5 Levi ulkoa talvella."},{"@type":"BreadcrumbList","@id":"https:\/\/www.kassiopeia.fi\/hotel-k5-levi\/hotelli-info\/kierratys\/#breadcrumb","itemListElement":[{"@type":"ListItem","position":1,"name":"Home","item":"https:\/\/www.kassiopeia.fi\/hotel-k5-levi\/"},{"@type":"ListItem","position":2,"name":"Hotelli-info","item":"https:\/\/www.kassiopeia.fi\/hotel-k5-levi\/hotelli-info\/"},{"@type":"ListItem","position":3,"name":"Hotelli-info Kierr\u00e4tys"}]},{"@type":"WebSite","@id":"https:\/\/www.kassiopeia.fi\/hotel-k5-levi\/#website","url":"https:\/\/www.kassiopeia.fi\/hotel-k5-levi\/","name":"Hotel K5 Levi","description":"","potentialAction":[{"@type":"SearchAction","target":{"@type":"EntryPoint","urlTemplate":"https:\/\/www.kassiopeia.fi\/hotel-k5-levi\/?s={search_term_string}"},"query-input":{"@type":"PropertyValueSpecification","valueRequired":true,"valueName":"search_term_string"}}],"inLanguage":"en-US"}]}},"lang":"fi","translations":{"fi":1068},"pll_sync_post":[],"_links":{"self":[{"href":"https:\/\/www.kassiopeia.fi\/hotel-k5-levi\/wp-json\/wp\/v2\/pages\/1068","targetHints":{"allow":["GET"]}}],"collection":[{"href":"https:\/\/www.kassiopeia.fi\/hotel-k5-levi\/wp-json\/wp\/v2\/pages"}],"about":[{"href":"https:\/\/www.kassiopeia.fi\/hotel-k5-levi\/wp-json\/wp\/v2\/types\/page"}],"author":[{"embeddable":true,"href":"https:\/\/www.kassiopeia.fi\/hotel-k5-levi\/wp-json\/wp\/v2\/users\/7"}],"replies":[{"embeddable":true,"href":"https:\/\/www.kassiopeia.fi\/hotel-k5-levi\/wp-json\/wp\/v2\/comments?post=1068"}],"version-history":[{"count":5,"href":"https:\/\/www.kassiopeia.fi\/hotel-k5-levi\/wp-json\/wp\/v2\/pages\/1068\/revisions"}],"predecessor-version":[{"id":2578,"href":"https:\/\/www.kassiopeia.fi\/hotel-k5-levi\/wp-json\/wp\/v2\/pages\/1068\/revisions\/2578"}],"up":[{"embeddable":true,"href":"https:\/\/www.kassiopeia.fi\/hotel-k5-levi\/wp-json\/wp\/v2\/pages\/884"}],"wp:attachment":[{"href":"https:\/\/www.kassiopeia.fi\/hotel-k5-levi\/wp-json\/wp\/v2\/media?parent=1068"}],"curies":[{"name":"wp","href":"https:\/\/api.w.org\/{rel}","templated":true}]}}